CRAN Package Check Results for Package HistDAWass

Last updated on 2018-09-26 01:46:28 CEST.

Flavor Version Tinstall Tcheck Ttotal Status Flags
r-devel-linux-x86_64-debian-clang 1.0.1 52.26 86.59 138.85 NOTE
r-devel-linux-x86_64-debian-gcc 1.0.1 47.05 66.83 113.88 NOTE
r-devel-linux-x86_64-fedora-clang 1.0.1 182.83 NOTE
r-devel-linux-x86_64-fedora-gcc 1.0.1 168.45 NOTE
r-devel-windows-ix86+x86_64 1.0.1 134.00 178.00 312.00 OK
r-patched-linux-x86_64 1.0.1 56.10 77.96 134.06 OK
r-patched-solaris-x86 1.0.1 187.50 OK
r-release-linux-x86_64 1.0.1 56.12 77.77 133.89 OK
r-release-windows-ix86+x86_64 1.0.1 131.00 134.00 265.00 OK
r-release-osx-x86_64 1.0.1 NOTE
r-oldrel-windows-ix86+x86_64 1.0.1 85.00 181.00 266.00 OK
r-oldrel-osx-x86_64 1.0.1 NOTE

Additional issues

valgrind

Check Details

Version: 1.0.1
Check: use of SHLIB_OPENMP_*FLAGS in Makefiles
Result: NOTE
     src/Makevars: SHLIB_OPENMP_CXXFLAGS is included in PKG_CXXFLAGS but not in PKG_LIBS
     src/Makevars: SHLIB_OPENMP_CFLAGS is included in PKG_LIBS but not in PKG_CFLAGS
     src/Makevars.win: SHLIB_OPENMP_CXXFLAGS is included in PKG_CXXFLAGS but not in PKG_LIBS
     src/Makevars.win: SHLIB_OPENMP_CFLAGS is included in PKG_LIBS but not in PKG_CFLAGS
    Use of these macros is discussed in sect 1.2.1.1 of ‘Writing R
    Extensions’. The macros for different languages may differ so the
    matching macro must be used in PKG_CXXFLAGS (etc) and match that used
    in PKG_LIBS (except for F77: see the manual).
Flavors: r-devel-linux-x86_64-debian-clang, r-devel-linux-x86_64-debian-gcc, r-devel-linux-x86_64-fedora-clang, r-devel-linux-x86_64-fedora-gcc

Version: 1.0.1
Check: installed package size
Result: NOTE
     installed size is 6.2Mb
     sub-directories of 1Mb or more:
     data 1.0Mb
     libs 4.3Mb
Flavors: r-devel-linux-x86_64-fedora-clang, r-release-osx-x86_64, r-oldrel-osx-x86_64