Last updated on 2018-09-26 01:46:29 CEST.
Flavor | Version | Tinstall | Tcheck | Ttotal | Status | Flags |
---|---|---|---|---|---|---|
r-devel-linux-x86_64-debian-clang | 1.2 | 10.64 | 107.84 | 118.48 | OK | |
r-devel-linux-x86_64-debian-gcc | 1.2 | 8.64 | 85.68 | 94.32 | OK | |
r-devel-linux-x86_64-fedora-clang | 1.2 | 138.67 | NOTE | |||
r-devel-linux-x86_64-fedora-gcc | 1.2 | 137.84 | NOTE | |||
r-devel-windows-ix86+x86_64 | 1.2 | 38.00 | 168.00 | 206.00 | OK | |
r-patched-linux-x86_64 | 1.2 | 8.61 | 89.20 | 97.81 | OK | |
r-release-linux-x86_64 | 1.2 | 9.88 | 89.42 | 99.30 | OK | |
r-release-windows-ix86+x86_64 | 1.2 | 33.00 | 138.00 | 171.00 | OK | |
r-release-osx-x86_64 | 1.2 | NOTE | ||||
r-oldrel-windows-ix86+x86_64 | 1.2 | 27.00 | 140.00 | 167.00 | OK | |
r-oldrel-osx-x86_64 | 1.2 | NOTE |
Version: 1.2
Check: dependencies in R code
Result: NOTE
Namespaces in Imports field not imported from:
‘fAssets’ ‘timeDate’
All declared Imports should be used.
Flavors: r-devel-linux-x86_64-fedora-clang, r-devel-linux-x86_64-fedora-gcc, r-release-osx-x86_64, r-oldrel-osx-x86_64