CRAN Package Check Results for Package LearnGeom

Last updated on 2018-09-26 01:46:30 CEST.

Flavor Version Tinstall Tcheck Ttotal Status Flags
r-devel-linux-x86_64-debian-clang 1.3 2.49 35.84 38.33 OK --no-examples
r-devel-linux-x86_64-debian-gcc 1.3 2.00 28.93 30.93 OK --no-examples
r-devel-linux-x86_64-fedora-clang 1.3 45.00 OK --no-examples
r-devel-linux-x86_64-fedora-gcc 1.3 45.65 OK --no-examples
r-devel-windows-ix86+x86_64 1.3 8.00 111.00 119.00 ERROR
r-patched-linux-x86_64 1.3 2.84 34.05 36.89 OK --no-examples
r-patched-solaris-x86 1.3 50.80 OK --no-examples
r-release-linux-x86_64 1.3 2.82 34.70 37.52 OK --no-examples
r-release-windows-ix86+x86_64 1.3 5.00 109.00 114.00 OK
r-release-osx-x86_64 1.3 OK
r-oldrel-windows-ix86+x86_64 1.3 4.00 109.00 113.00 ERROR
r-oldrel-osx-x86_64 1.3 OK

Check Details

Version: 1.3
Check: examples
Result: ERROR
    Running examples in 'LearnGeom-Ex.R' failed
    The error most likely occurred in:
    
    > ### Name: CoordinateImage
    > ### Title: Plots a coordinate (cartesian) plane with customizable limits
    > ### for the X and Y axis over a background image
    > ### Aliases: CoordinateImage
    >
    > ### ** Examples
    >
    > library(RgoogleMaps)
    > ima=GetMap("Piazza San Pietro, 00120 Citta del Vaticano", zoom = 17, maptype = "satellite")
    Warning in download.file(urlStr, destfile, mode = "wb", quiet = TRUE) :
     cannot open URL 'http://maps.google.com/maps/api/staticmap?center=41.9022267,12.4563139&zoom=17&size=640x640&maptype=satellite&format=png32&sensor=true': HTTP status was '403 Forbidden'
    Error in download.file(urlStr, destfile, mode = "wb", quiet = TRUE) :
     cannot open URL 'http://maps.google.com/maps/api/staticmap?center=41.9022267,12.4563139&zoom=17&size=640x640&maptype=satellite&format=png32&sensor=true'
    Calls: GetMap -> download.file
    Execution halted
Flavor: r-devel-windows-ix86+x86_64

Version: 1.3
Check: examples
Result: ERROR
    Running examples in 'LearnGeom-Ex.R' failed
    The error most likely occurred in:
    
    > ### Name: CoordinateImage
    > ### Title: Plots a coordinate (cartesian) plane with customizable limits
    > ### for the X and Y axis over a background image
    > ### Aliases: CoordinateImage
    >
    > ### ** Examples
    >
    > library(RgoogleMaps)
    > ima=GetMap("Piazza San Pietro, 00120 Citta del Vaticano", zoom = 17, maptype = "satellite")
    Warning in min(iLat[iLat > iLoc]) :
     no non-missing arguments to min; returning Inf
    Warning in min(iLng[iLng > iLoc]) :
     no non-missing arguments to min; returning Inf
    Warning in download.file(urlStr, destfile, mode = "wb", quiet = TRUE) :
     cannot open URL 'http://maps.google.com/maps/api/staticmap?center=NA,NA&zoom=17&size=640x640&maptype=satellite&format=png32&sensor=true': HTTP status was '403 Forbidden'
    Error in download.file(urlStr, destfile, mode = "wb", quiet = TRUE) :
     cannot open URL 'http://maps.google.com/maps/api/staticmap?center=NA,NA&zoom=17&size=640x640&maptype=satellite&format=png32&sensor=true'
    Calls: GetMap -> download.file
    Execution halted
Flavor: r-oldrel-windows-ix86+x86_64