Last updated on 2018-09-26 01:46:31 CEST.
Flavor | Version | Tinstall | Tcheck | Ttotal | Status | Flags |
---|---|---|---|---|---|---|
r-devel-linux-x86_64-debian-clang | 1.2.3 | 140.77 | 81.03 | 221.80 | OK | |
r-devel-linux-x86_64-debian-gcc | 1.2.3 | 110.64 | 64.54 | 175.18 | OK | |
r-devel-linux-x86_64-fedora-clang | 1.2.3 | 306.31 | OK | |||
r-devel-linux-x86_64-fedora-gcc | 1.2.3 | 274.51 | OK | |||
r-devel-windows-ix86+x86_64 | 1.2.3 | 310.00 | 226.00 | 536.00 | OK | |
r-patched-linux-x86_64 | 1.2.3 | 138.67 | 76.84 | 215.51 | OK | |
r-patched-solaris-x86 | 1.2.3 | 242.20 | OK | |||
r-release-linux-x86_64 | 1.2.3 | 135.78 | 76.43 | 212.21 | OK | |
r-release-windows-ix86+x86_64 | 1.2.3 | 286.00 | 145.00 | 431.00 | OK | |
r-release-osx-x86_64 | 1.2.3 | NOTE | ||||
r-oldrel-windows-ix86+x86_64 | 1.2.3 | 181.00 | 155.00 | 336.00 | OK | |
r-oldrel-osx-x86_64 | 1.2.3 | NOTE |
Version: 1.2.3
Check: installed package size
Result: NOTE
installed size is 15.3Mb
sub-directories of 1Mb or more:
libs 14.1Mb
Flavors: r-release-osx-x86_64, r-oldrel-osx-x86_64