Last updated on 2018-09-26 01:46:31 CEST.
Flavor | Version | Tinstall | Tcheck | Ttotal | Status | Flags |
---|---|---|---|---|---|---|
r-devel-linux-x86_64-debian-clang | 0.8-2.1 | 4.34 | 40.48 | 44.82 | NOTE | |
r-devel-linux-x86_64-debian-gcc | 0.8-2.1 | 3.86 | 31.93 | 35.79 | NOTE | |
r-devel-linux-x86_64-fedora-clang | 0.8-2.1 | 53.35 | NOTE | |||
r-devel-linux-x86_64-fedora-gcc | 0.8-2.1 | 51.99 | NOTE | |||
r-devel-windows-ix86+x86_64 | 0.8-2.1 | 13.00 | 67.00 | 80.00 | NOTE | |
r-patched-linux-x86_64 | 0.8-2.1 | 3.70 | 37.51 | 41.21 | NOTE | |
r-patched-solaris-x86 | 0.8-2.1 | 66.90 | NOTE | |||
r-release-linux-x86_64 | 0.8-2.1 | 4.56 | 38.11 | 42.67 | NOTE | |
r-release-windows-ix86+x86_64 | 0.8-2.1 | 9.00 | 66.00 | 75.00 | NOTE | |
r-release-osx-x86_64 | 0.8-2.1 | NOTE | ||||
r-oldrel-windows-ix86+x86_64 | 0.8-2.1 | 5.00 | 70.00 | 75.00 | NOTE | |
r-oldrel-osx-x86_64 | 0.8-2.1 | NOTE |
Version: 0.8-2.1
Check: package dependencies
Result: NOTE
Package suggested but not available for checking: ‘R2wd’
Flavors: r-devel-linux-x86_64-debian-clang, r-devel-linux-x86_64-debian-gcc, r-devel-linux-x86_64-fedora-clang, r-devel-linux-x86_64-fedora-gcc, r-patched-linux-x86_64, r-patched-solaris-x86, r-release-linux-x86_64, r-release-osx-x86_64, r-oldrel-osx-x86_64
Version: 0.8-2.1
Check: dependencies in R code
Result: NOTE
'library' or 'require' calls in package code:
‘R2wd’ ‘ggplot2’ ‘metafor’
Please use :: or requireNamespace() instead.
See section 'Suggested packages' in the 'Writing R Extensions' manual.
Flavors: r-devel-linux-x86_64-debian-clang, r-devel-linux-x86_64-debian-gcc, r-devel-linux-x86_64-fedora-clang, r-devel-linux-x86_64-fedora-gcc, r-devel-windows-ix86+x86_64, r-patched-linux-x86_64, r-patched-solaris-x86, r-release-linux-x86_64, r-release-windows-ix86+x86_64, r-release-osx-x86_64, r-oldrel-windows-ix86+x86_64, r-oldrel-osx-x86_64