CRAN Package Check Results for Package MCTM

Last updated on 2018-09-26 01:46:31 CEST.

Flavor Version Tinstall Tcheck Ttotal Status Flags
r-devel-linux-x86_64-debian-clang 1.0 0.91 16.89 17.80 NOTE
r-devel-linux-x86_64-debian-gcc 1.0 0.77 13.68 14.45 NOTE
r-devel-linux-x86_64-fedora-clang 1.0 21.27 NOTE
r-devel-linux-x86_64-fedora-gcc 1.0 20.14 NOTE
r-devel-windows-ix86+x86_64 1.0 4.00 36.00 40.00 NOTE
r-patched-linux-x86_64 1.0 0.95 15.50 16.45 NOTE
r-patched-solaris-x86 1.0 30.70 NOTE
r-release-linux-x86_64 1.0 0.90 15.75 16.65 NOTE
r-release-windows-ix86+x86_64 1.0 3.00 26.00 29.00 NOTE
r-release-osx-x86_64 1.0 NOTE
r-oldrel-windows-ix86+x86_64 1.0 3.00 24.00 27.00 NOTE
r-oldrel-osx-x86_64 1.0 NOTE

Check Details

Version: 1.0
Check: DESCRIPTION meta-information
Result: NOTE
    Checking should be performed on sources prepared by ‘R CMD build’.
Flavors: r-devel-linux-x86_64-debian-clang, r-devel-linux-x86_64-debian-gcc, r-devel-linux-x86_64-fedora-clang, r-devel-linux-x86_64-fedora-gcc, r-devel-windows-ix86+x86_64, r-patched-linux-x86_64, r-patched-solaris-x86, r-release-linux-x86_64, r-release-windows-ix86+x86_64, r-release-osx-x86_64, r-oldrel-windows-ix86+x86_64, r-oldrel-osx-x86_64