Last updated on 2018-09-26 01:46:33 CEST.
Flavor | Version | Tinstall | Tcheck | Ttotal | Status | Flags |
---|---|---|---|---|---|---|
r-devel-linux-x86_64-debian-clang | 1.6.3 | 32.66 | 112.67 | 145.33 | WARN | |
r-devel-linux-x86_64-debian-gcc | 1.6.3 | 26.54 | 84.91 | 111.45 | OK | |
r-devel-linux-x86_64-fedora-clang | 1.6.3 | 180.37 | OK | |||
r-devel-linux-x86_64-fedora-gcc | 1.6.3 | 172.66 | OK | |||
r-devel-windows-ix86+x86_64 | 1.6.3 | 73.00 | 153.00 | 226.00 | OK | |
r-patched-linux-x86_64 | 1.6.3 | 31.08 | 109.12 | 140.20 | OK | |
r-patched-solaris-x86 | 1.6.3 | 154.50 | OK | |||
r-release-linux-x86_64 | 1.6.3 | 32.94 | 108.08 | 141.02 | OK | |
r-release-windows-ix86+x86_64 | 1.6.3 | 58.00 | 146.00 | 204.00 | OK | |
r-release-osx-x86_64 | 1.6.3 | OK | ||||
r-oldrel-windows-ix86+x86_64 | 1.6.3 | 45.00 | 157.00 | 202.00 | OK | |
r-oldrel-osx-x86_64 | 1.6.3 | OK |
Version: 1.6.3
Check: whether package can be installed
Result: WARN
Found the following significant warnings:
Functions.cpp:770:39: warning: using integer absolute value function 'abs' when argument is of floating point type [-Wabsolute-value]
Functions.cpp:770:66: warning: using integer absolute value function 'abs' when argument is of floating point type [-Wabsolute-value]
Functions.cpp:777:39: warning: using integer absolute value function 'abs' when argument is of floating point type [-Wabsolute-value]
Functions.cpp:777:66: warning: using integer absolute value function 'abs' when argument is of floating point type [-Wabsolute-value]
Flavor: r-devel-linux-x86_64-debian-clang