Last updated on 2018-09-26 01:46:36 CEST.
Flavor | Version | Tinstall | Tcheck | Ttotal | Status | Flags |
---|---|---|---|---|---|---|
r-devel-linux-x86_64-debian-clang | 1.0-1 | 2.54 | 31.12 | 33.66 | OK | |
r-devel-linux-x86_64-debian-gcc | 1.0-1 | 2.29 | 25.20 | 27.49 | OK | |
r-devel-linux-x86_64-fedora-clang | 1.0-1 | 41.82 | NOTE | |||
r-devel-linux-x86_64-fedora-gcc | 1.0-1 | 40.13 | NOTE | |||
r-devel-windows-ix86+x86_64 | 1.0-1 | 12.00 | 72.00 | 84.00 | OK | |
r-patched-linux-x86_64 | 1.0-1 | 2.76 | 29.66 | 32.42 | OK | |
r-patched-solaris-x86 | 1.0-1 | 51.90 | OK | |||
r-release-linux-x86_64 | 1.0-1 | 3.24 | 29.65 | 32.89 | OK | |
r-release-windows-ix86+x86_64 | 1.0-1 | 10.00 | 48.00 | 58.00 | OK | |
r-release-osx-x86_64 | 1.0-1 | OK | ||||
r-oldrel-windows-ix86+x86_64 | 1.0-1 | 6.00 | 45.00 | 51.00 | OK | |
r-oldrel-osx-x86_64 | 1.0-1 | OK |
Version: 1.0-1
Check: compiled code
Result: NOTE
File ‘PlayerRatings/libs/PlayerRatings.so’:
Found no calls to: ‘R_registerRoutines’, ‘R_useDynamicSymbols’
It is good practice to register native routines and to disable symbol
search.
See ‘Writing portable packages’ in the ‘Writing R Extensions’ manual.
Flavors: r-devel-linux-x86_64-fedora-clang, r-devel-linux-x86_64-fedora-gcc