Last updated on 2018-09-26 01:46:40 CEST.
Flavor | Version | Tinstall | Tcheck | Ttotal | Status | Flags |
---|---|---|---|---|---|---|
r-devel-linux-x86_64-debian-clang | 0.2.3 | 37.71 | 220.94 | 258.65 | OK | |
r-devel-linux-x86_64-debian-gcc | 0.2.3 | 37.06 | 165.31 | 202.37 | OK | |
r-devel-linux-x86_64-fedora-clang | 0.2.3 | 326.41 | OK | |||
r-devel-linux-x86_64-fedora-gcc | 0.2.3 | 326.04 | OK | |||
r-devel-windows-ix86+x86_64 | 0.2.3 | 95.00 | 363.00 | 458.00 | OK | |
r-patched-linux-x86_64 | 0.2.3 | 46.53 | 210.50 | 257.03 | OK | |
r-patched-solaris-x86 | 0.2.3 | 289.10 | WARN | |||
r-release-linux-x86_64 | 0.2.3 | 46.75 | 215.76 | 262.51 | OK | |
r-release-windows-ix86+x86_64 | 0.2.3 | 96.00 | 334.00 | 430.00 | OK | |
r-release-osx-x86_64 | 0.2.3 | OK | ||||
r-oldrel-windows-ix86+x86_64 | 0.2.3 | 68.00 | 366.00 | 434.00 | OK | |
r-oldrel-osx-x86_64 | 0.2.3 | OK |
Version: 0.2.3
Check: re-building of vignette outputs
Result: WARN
Error in re-building vignettes:
...
Warning in engine$weave(file, quiet = quiet, encoding = enc) :
Pandoc (>= 1.12.3) and/or pandoc-citeproc not available. Falling back to R Markdown v1.
Loading required package: Luminescence
Loading required package: magrittr
Welcome to the R package Luminescence version 0.8.5 [Built: 2018-09-17 19:51:24 UTC]
A tunnelling electron: 'God does not play dice.'
Attaching package: 'RLumModel'
The following object is masked from 'package:Luminescence':
model_LuminescenceSignals
Warning in engine$weave(file, quiet = quiet, encoding = enc) :
Pandoc (>= 1.12.3) and/or pandoc-citeproc not available. Falling back to R Markdown v1.
Quitting from lines 125-154 (RLumModel_-_Simulating_luminescence_in_Al2O3.Rmd)
Error: processing vignette 'RLumModel_-_Simulating_luminescence_in_Al2O3.Rmd' failed with diagnostics:
subscript out of bounds
Execution halted
Flavor: r-patched-solaris-x86