Last updated on 2018-09-26 01:46:40 CEST.
Flavor | Version | Tinstall | Tcheck | Ttotal | Status | Flags |
---|---|---|---|---|---|---|
r-devel-linux-x86_64-debian-clang | 0.2.5 | 103.45 | 41.37 | 144.82 | OK | |
r-devel-linux-x86_64-debian-gcc | 0.2.5 | 95.60 | 33.34 | 128.94 | OK | |
r-devel-linux-x86_64-fedora-clang | 0.2.5 | 214.89 | NOTE | |||
r-devel-linux-x86_64-fedora-gcc | 0.2.5 | 196.59 | OK | |||
r-devel-windows-ix86+x86_64 | 0.2.5 | 267.00 | 105.00 | 372.00 | OK | |
r-patched-linux-x86_64 | 0.2.5 | 115.63 | 37.44 | 153.07 | OK | |
r-patched-solaris-x86 | 0.2.5 | 177.20 | OK | |||
r-release-linux-x86_64 | 0.2.5 | 107.40 | 38.32 | 145.72 | OK | |
r-release-windows-ix86+x86_64 | 0.2.5 | 261.00 | 101.00 | 362.00 | OK | |
r-release-osx-x86_64 | 0.2.5 | NOTE | ||||
r-oldrel-windows-ix86+x86_64 | 0.2.5 | 169.00 | 107.00 | 276.00 | OK | |
r-oldrel-osx-x86_64 | 0.2.5 | NOTE |
Version: 0.2.5
Check: installed package size
Result: NOTE
installed size is 7.0Mb
sub-directories of 1Mb or more:
libs 5.9Mb
Flavors: r-devel-linux-x86_64-fedora-clang, r-release-osx-x86_64, r-oldrel-osx-x86_64