Last updated on 2018-09-26 01:46:42 CEST.
Flavor | Version | Tinstall | Tcheck | Ttotal | Status | Flags |
---|---|---|---|---|---|---|
r-devel-linux-x86_64-debian-clang | 1.0.1 | 4.32 | 35.32 | 39.64 | OK | |
r-devel-linux-x86_64-debian-gcc | 1.0.1 | 3.88 | 28.41 | 32.29 | OK | |
r-devel-linux-x86_64-fedora-clang | 1.0.1 | 47.07 | NOTE | |||
r-devel-linux-x86_64-fedora-gcc | 1.0.1 | 45.04 | NOTE | |||
r-devel-windows-ix86+x86_64 | 1.0.1 | 15.00 | 97.00 | 112.00 | OK | |
r-patched-linux-x86_64 | 1.0.1 | 4.47 | 33.31 | 37.78 | OK | |
r-patched-solaris-x86 | 1.0.1 | 71.30 | OK | |||
r-release-linux-x86_64 | 1.0.1 | 3.95 | 33.26 | 37.21 | OK | |
r-release-windows-ix86+x86_64 | 1.0.1 | 13.00 | 92.00 | 105.00 | OK | |
r-release-osx-x86_64 | 1.0.1 | OK | ||||
r-oldrel-windows-ix86+x86_64 | 1.0.1 | 6.00 | 93.00 | 99.00 | OK | |
r-oldrel-osx-x86_64 | 1.0.1 | OK |
Version: 1.0.1
Check: compiled code
Result: NOTE
File ‘SDDE/libs/SDDE.so’:
Found no calls to: ‘R_registerRoutines’, ‘R_useDynamicSymbols’
It is good practice to register native routines and to disable symbol
search.
See ‘Writing portable packages’ in the ‘Writing R Extensions’ manual.
Flavors: r-devel-linux-x86_64-fedora-clang, r-devel-linux-x86_64-fedora-gcc