Last updated on 2018-09-26 01:46:42 CEST.
Flavor | Version | Tinstall | Tcheck | Ttotal | Status | Flags |
---|---|---|---|---|---|---|
r-devel-linux-x86_64-debian-clang | 0.0.6 | 25.66 | 42.29 | 67.95 | OK | |
r-devel-linux-x86_64-debian-gcc | 0.0.6 | 23.50 | 33.05 | 56.55 | OK | |
r-devel-linux-x86_64-fedora-clang | 0.0.6 | 96.92 | OK | |||
r-devel-linux-x86_64-fedora-gcc | 0.0.6 | 85.86 | OK | |||
r-devel-windows-ix86+x86_64 | 0.0.6 | 83.00 | 131.00 | 214.00 | NOTE | |
r-patched-linux-x86_64 | 0.0.6 | 28.89 | 38.91 | 67.80 | OK | |
r-patched-solaris-x86 | 0.0.6 | 92.80 | OK | |||
r-release-linux-x86_64 | 0.0.6 | 27.57 | 38.48 | 66.05 | OK | |
r-release-windows-ix86+x86_64 | 0.0.6 | 87.00 | 110.00 | 197.00 | NOTE | |
r-release-osx-x86_64 | 0.0.6 | OK | ||||
r-oldrel-windows-ix86+x86_64 | 0.0.6 | 53.00 | 113.00 | 166.00 | NOTE | |
r-oldrel-osx-x86_64 | 0.0.6 | OK |
Version: 0.0.6
Check: package dependencies
Result: NOTE
Package suggested but not available for checking: 'doMC'
Flavors: r-devel-windows-ix86+x86_64, r-release-windows-ix86+x86_64, r-oldrel-windows-ix86+x86_64