Last updated on 2018-09-26 01:46:45 CEST.
Flavor | Version | Tinstall | Tcheck | Ttotal | Status | Flags |
---|---|---|---|---|---|---|
r-devel-linux-x86_64-debian-clang | 1.0.1 | 1.05 | 18.01 | 19.06 | NOTE | |
r-devel-linux-x86_64-debian-gcc | 1.0.1 | 0.73 | 14.27 | 15.00 | NOTE | |
r-devel-linux-x86_64-fedora-clang | 1.0.1 | 22.97 | NOTE | |||
r-devel-linux-x86_64-fedora-gcc | 1.0.1 | 22.15 | NOTE | |||
r-devel-windows-ix86+x86_64 | 1.0.1 | 4.00 | 40.00 | 44.00 | NOTE | |
r-patched-linux-x86_64 | 1.0.1 | 0.94 | 16.31 | 17.25 | NOTE | |
r-patched-solaris-x86 | 1.0.1 | 35.30 | NOTE | |||
r-release-linux-x86_64 | 1.0.1 | 0.77 | 16.65 | 17.42 | NOTE | |
r-release-windows-ix86+x86_64 | 1.0.1 | 4.00 | 27.00 | 31.00 | NOTE | |
r-release-osx-x86_64 | 1.0.1 | NOTE | ||||
r-oldrel-windows-ix86+x86_64 | 1.0.1 | 2.00 | 26.00 | 28.00 | NOTE | |
r-oldrel-osx-x86_64 | 1.0.1 | NOTE |
Version: 1.0.1
Check: DESCRIPTION meta-information
Result: NOTE
Malformed Description field: should contain one or more complete sentences.
Flavors: r-devel-linux-x86_64-debian-clang, r-devel-linux-x86_64-debian-gcc, r-devel-linux-x86_64-fedora-clang, r-devel-linux-x86_64-fedora-gcc, r-devel-windows-ix86+x86_64, r-patched-linux-x86_64, r-patched-solaris-x86, r-release-linux-x86_64, r-release-windows-ix86+x86_64, r-release-osx-x86_64, r-oldrel-windows-ix86+x86_64, r-oldrel-osx-x86_64
Version: 1.0.1
Check: R code for possible problems
Result: NOTE
sunter: no visible global function definition for ‘runif’
Undefined global functions or variables:
runif
Consider adding
importFrom("stats", "runif")
to your NAMESPACE file.
Flavors: r-devel-linux-x86_64-debian-clang, r-devel-linux-x86_64-debian-gcc, r-devel-linux-x86_64-fedora-clang, r-devel-linux-x86_64-fedora-gcc, r-devel-windows-ix86+x86_64, r-patched-linux-x86_64, r-patched-solaris-x86, r-release-linux-x86_64, r-release-windows-ix86+x86_64, r-release-osx-x86_64, r-oldrel-windows-ix86+x86_64, r-oldrel-osx-x86_64