CRAN Package Check Results for Package TH.data

Last updated on 2018-09-26 01:46:46 CEST.

Flavor Version Tinstall Tcheck Ttotal Status Flags
r-devel-linux-x86_64-debian-clang 1.0-9 3.61 31.18 34.79 OK
r-devel-linux-x86_64-debian-gcc 1.0-9 2.97 24.91 27.88 OK
r-devel-linux-x86_64-fedora-clang 1.0-9 41.22 NOTE
r-devel-linux-x86_64-fedora-gcc 1.0-9 40.40 OK
r-devel-windows-ix86+x86_64 1.0-9 11.00 57.00 68.00 NOTE
r-patched-linux-x86_64 1.0-9 3.16 26.02 29.18 OK
r-patched-solaris-x86 1.0-9 56.40 NOTE
r-release-linux-x86_64 1.0-9 3.35 26.85 30.20 OK
r-release-windows-ix86+x86_64 1.0-9 10.00 60.00 70.00 NOTE
r-release-osx-x86_64 1.0-9 NOTE
r-oldrel-windows-ix86+x86_64 1.0-9 6.00 51.00 57.00 NOTE
r-oldrel-osx-x86_64 1.0-9 NOTE

Check Details

Version: 1.0-9
Check: installed package size
Result: NOTE
     installed size is 8.5Mb
     sub-directories of 1Mb or more:
     data 1.2Mb
     rda 7.0Mb
Flavors: r-devel-linux-x86_64-fedora-clang, r-devel-windows-ix86+x86_64, r-patched-solaris-x86, r-release-windows-ix86+x86_64, r-release-osx-x86_64, r-oldrel-windows-ix86+x86_64, r-oldrel-osx-x86_64