Last updated on 2018-09-26 01:46:48 CEST.
Flavor | Version | Tinstall | Tcheck | Ttotal | Status | Flags |
---|---|---|---|---|---|---|
r-devel-linux-x86_64-debian-clang | 1.2 | 5.47 | 61.65 | 67.12 | OK | |
r-devel-linux-x86_64-debian-gcc | 1.2 | 4.17 | 49.58 | 53.75 | OK | |
r-devel-linux-x86_64-fedora-clang | 1.2 | 78.04 | OK | |||
r-devel-linux-x86_64-fedora-gcc | 1.2 | 80.32 | OK | |||
r-devel-windows-ix86+x86_64 | 1.2 | 12.00 | 98.00 | 110.00 | OK | |
r-patched-linux-x86_64 | 1.2 | 4.33 | 51.58 | 55.91 | NOTE | |
r-patched-solaris-x86 | 1.2 | 110.60 | OK | |||
r-release-linux-x86_64 | 1.2 | 3.34 | 51.07 | 54.41 | NOTE | |
r-release-windows-ix86+x86_64 | 1.2 | 12.00 | 88.00 | 100.00 | OK | |
r-release-osx-x86_64 | 1.2 | OK | ||||
r-oldrel-windows-ix86+x86_64 | 1.2 | 7.00 | 93.00 | 100.00 | OK | |
r-oldrel-osx-x86_64 | 1.2 | OK |
Version: 1.2
Check: DESCRIPTION meta-information
Result: NOTE
Dependence on R version ‘3.3.1’ not with patchlevel 0
Flavors: r-patched-linux-x86_64, r-release-linux-x86_64