Last updated on 2018-09-26 01:46:16 CEST.
Flavor | Version | Tinstall | Tcheck | Ttotal | Status | Flags |
---|---|---|---|---|---|---|
r-devel-linux-x86_64-debian-clang | 1.2 | 142.52 | 112.13 | 254.65 | NOTE | |
r-devel-linux-x86_64-debian-gcc | 1.2 | 136.62 | 101.88 | 238.50 | NOTE | |
r-devel-linux-x86_64-fedora-clang | 1.2 | 357.81 | NOTE | |||
r-devel-linux-x86_64-fedora-gcc | 1.2 | 372.85 | OK | |||
r-devel-windows-ix86+x86_64 | 1.2 | 362.00 | 239.00 | 601.00 | NOTE | |
r-patched-linux-x86_64 | 1.2 | 159.44 | 103.36 | 262.80 | NOTE | |
r-patched-solaris-x86 | 1.2 | 112.60 | ERROR | |||
r-release-linux-x86_64 | 1.2 | 171.49 | 102.97 | 274.46 | NOTE | |
r-release-windows-ix86+x86_64 | 1.2 | 402.00 | 201.00 | 603.00 | NOTE | |
r-release-osx-x86_64 | 1.2 | NOTE | ||||
r-oldrel-windows-ix86+x86_64 | 1.2 | 261.00 | 209.00 | 470.00 | NOTE | |
r-oldrel-osx-x86_64 | 1.2 | NOTE |
Version: 1.2
Check: package dependencies
Result: NOTE
Package suggested but not available for checking: ‘INLA’
Flavors: r-devel-linux-x86_64-debian-clang, r-devel-linux-x86_64-debian-gcc, r-patched-linux-x86_64, r-patched-solaris-x86, r-release-linux-x86_64, r-release-osx-x86_64, r-oldrel-osx-x86_64
Version: 1.2
Check: installed package size
Result: NOTE
installed size is 9.0Mb
sub-directories of 1Mb or more:
bootstrapping_example 1.2Mb
libs 6.1Mb
Flavors: r-devel-linux-x86_64-fedora-clang, r-devel-windows-ix86+x86_64, r-release-windows-ix86+x86_64, r-release-osx-x86_64, r-oldrel-windows-ix86+x86_64, r-oldrel-osx-x86_64
Version: 1.2
Check: whether package can be installed
Result: ERROR
Installation failed.
Flavor: r-patched-solaris-x86