Last updated on 2018-09-26 01:46:16 CEST.
Flavor | Version | Tinstall | Tcheck | Ttotal | Status | Flags |
---|---|---|---|---|---|---|
r-devel-linux-x86_64-debian-clang | 2.1.2 | 6.29 | 378.43 | 384.72 | OK | |
r-devel-linux-x86_64-debian-gcc | 2.1.2 | 4.28 | 167.74 | 172.02 | OK | |
r-devel-linux-x86_64-fedora-clang | 2.1.2 | 299.95 | OK | |||
r-devel-linux-x86_64-fedora-gcc | 2.1.2 | 229.11 | OK | |||
r-devel-windows-ix86+x86_64 | 2.1.2 | 16.00 | 375.00 | 391.00 | OK | |
r-patched-linux-x86_64 | 2.1.2 | 6.14 | 196.15 | 202.29 | OK | |
r-patched-solaris-x86 | 2.1.2 | 168.30 | WARN | |||
r-release-linux-x86_64 | 2.1.2 | 5.94 | 198.93 | 204.87 | OK | |
r-release-windows-ix86+x86_64 | 2.1.2 | 17.00 | 363.00 | 380.00 | OK | |
r-release-osx-x86_64 | 2.1.2 | WARN | ||||
r-oldrel-windows-ix86+x86_64 | 2.1.2 | 7.00 | 368.00 | 375.00 | OK | |
r-oldrel-osx-x86_64 | 2.1.2 | WARN |
Version: 2.1.2
Check: package dependencies
Result: NOTE
Package suggested but not available for checking: ‘rhdf5’
Flavor: r-patched-solaris-x86
Version: 2.1.2
Check: re-building of vignette outputs
Result: WARN
Error in re-building vignettes:
...
Warning in engine$weave(file, quiet = quiet, encoding = enc) :
Pandoc (>= 1.12.3) and/or pandoc-citeproc not available. Falling back to R Markdown v1.
Warning in engine$weave(file, quiet = quiet, encoding = enc) :
Pandoc (>= 1.12.3) and/or pandoc-citeproc not available. Falling back to R Markdown v1.
Quitting from lines 39-73 (antaresH5.Rmd)
Error: processing vignette 'antaresH5.Rmd' failed with diagnostics:
there is no package called 'webshot'
Execution halted
Flavor: r-patched-solaris-x86
Version: 2.1.2
Check: re-building of vignette outputs
Result: WARN
Error in re-building vignettes:
...
Warning in engine$weave(file, quiet = quiet, encoding = enc) :
Pandoc (>= 1.12.3) and/or pandoc-citeproc not available. Falling back to R Markdown v1.
Warning in engine$weave(file, quiet = quiet, encoding = enc) :
Pandoc (>= 1.12.3) and/or pandoc-citeproc not available. Falling back to R Markdown v1.
Quitting from lines 39-73 (antaresH5.Rmd)
Error: processing vignette 'antaresH5.Rmd' failed with diagnostics:
cannot open the connection
Execution halted
Flavors: r-release-osx-x86_64, r-oldrel-osx-x86_64