Last updated on 2018-09-26 01:46:17 CEST.
Flavor | Version | Tinstall | Tcheck | Ttotal | Status | Flags |
---|---|---|---|---|---|---|
r-devel-linux-x86_64-debian-clang | 0.3.1 | 5.42 | 303.10 | 308.52 | OK | |
r-devel-linux-x86_64-debian-gcc | 0.3.1 | 5.06 | 243.63 | 248.69 | OK | |
r-devel-linux-x86_64-fedora-clang | 0.3.1 | 333.42 | OK | |||
r-devel-linux-x86_64-fedora-gcc | 0.3.1 | 327.83 | OK | |||
r-devel-windows-ix86+x86_64 | 0.3.1 | 23.00 | 502.00 | 525.00 | OK | |
r-patched-linux-x86_64 | 0.3.1 | 5.55 | 268.04 | 273.59 | OK | |
r-patched-solaris-x86 | 0.3.1 | 492.80 | OK | |||
r-release-linux-x86_64 | 0.3.1 | 4.79 | 270.60 | 275.39 | OK | |
r-release-windows-ix86+x86_64 | 0.3.1 | 23.00 | 529.00 | 552.00 | OK | |
r-release-osx-x86_64 | 0.3.1 | OK | ||||
r-oldrel-windows-ix86+x86_64 | 0.3.1 | 5.00 | 5.00 | 10.00 | ERROR | |
r-oldrel-osx-x86_64 | 0.3.1 | OK |
Version: 0.3.1
Check: whether package can be installed
Result: ERROR
Installation failed.
Flavor: r-oldrel-windows-ix86+x86_64