Last updated on 2018-09-26 01:46:18 CEST.
Flavor | Version | Tinstall | Tcheck | Ttotal | Status | Flags |
---|---|---|---|---|---|---|
r-devel-linux-x86_64-debian-clang | 0.4.1 | 90.23 | 97.20 | 187.43 | OK | |
r-devel-linux-x86_64-debian-gcc | 0.4.1 | 73.85 | 74.45 | 148.30 | OK | |
r-devel-linux-x86_64-fedora-clang | 0.4.1 | 255.42 | NOTE | |||
r-devel-linux-x86_64-fedora-gcc | 0.4.1 | 237.13 | OK | |||
r-devel-windows-ix86+x86_64 | 0.4.1 | 250.00 | 258.00 | 508.00 | OK | |
r-patched-linux-x86_64 | 0.4.1 | 94.16 | 90.40 | 184.56 | OK | |
r-patched-solaris-x86 | 0.4.1 | 223.70 | OK | |||
r-release-linux-x86_64 | 0.4.1 | 94.67 | 91.19 | 185.86 | OK | |
r-release-windows-ix86+x86_64 | 0.4.1 | 202.00 | 239.00 | 441.00 | OK | |
r-release-osx-x86_64 | 0.4.1 | NOTE | ||||
r-oldrel-windows-ix86+x86_64 | 0.4.1 | 191.00 | 198.00 | 389.00 | OK | |
r-oldrel-osx-x86_64 | 0.4.1 | NOTE |
Version: 0.4.1
Check: installed package size
Result: NOTE
installed size is 7.7Mb
sub-directories of 1Mb or more:
libs 6.8Mb
Flavors: r-devel-linux-x86_64-fedora-clang, r-release-osx-x86_64, r-oldrel-osx-x86_64