CRAN Package Check Results for Package brlrmr

Last updated on 2018-09-26 01:46:19 CEST.

Flavor Version Tinstall Tcheck Ttotal Status Flags
r-devel-linux-x86_64-debian-clang 0.1.5 2.04 22.74 24.78 OK
r-devel-linux-x86_64-debian-gcc 0.1.5 1.56 18.72 20.28 OK
r-devel-linux-x86_64-fedora-clang 0.1.5 28.94 NOTE
r-devel-linux-x86_64-fedora-gcc 0.1.5 28.33 NOTE
r-devel-windows-ix86+x86_64 0.1.5 5.00 47.00 52.00 OK
r-patched-linux-x86_64 0.1.5 1.87 21.47 23.34 OK
r-patched-solaris-x86 0.1.5 39.10 NOTE
r-release-linux-x86_64 0.1.5 1.73 21.47 23.20 OK
r-release-windows-ix86+x86_64 0.1.5 3.00 44.00 47.00 OK
r-release-osx-x86_64 0.1.5 NOTE
r-oldrel-windows-ix86+x86_64 0.1.5 2.00 47.00 49.00 OK
r-oldrel-osx-x86_64 0.1.5 NOTE

Check Details

Version: 0.1.5
Check: dependencies in R code
Result: NOTE
    Namespaces in Imports field not imported from:
     ‘Rcpp’ ‘profileModel’
     All declared Imports should be used.
Flavors: r-devel-linux-x86_64-fedora-clang, r-devel-linux-x86_64-fedora-gcc, r-patched-solaris-x86, r-release-osx-x86_64, r-oldrel-osx-x86_64