CRAN Package Check Results for Package cRegulome

Last updated on 2018-09-26 01:46:20 CEST.

Flavor Version Tinstall Tcheck Ttotal Status Flags
r-devel-linux-x86_64-debian-clang 0.2.0 4.32 264.94 269.26 OK
r-devel-linux-x86_64-debian-gcc 0.2.0 3.60 183.95 187.55 OK
r-devel-linux-x86_64-fedora-clang 0.2.0 328.36 OK
r-devel-linux-x86_64-fedora-gcc 0.2.0 323.75 OK
r-devel-windows-ix86+x86_64 0.2.0 14.00 407.00 421.00 OK
r-patched-linux-x86_64 0.2.0 3.24 256.27 259.51 OK
r-patched-solaris-x86 0.2.0 364.10 OK
r-release-linux-x86_64 0.2.0 4.57 256.79 261.36 OK
r-release-windows-ix86+x86_64 0.2.0 12.00 399.00 411.00 OK
r-release-osx-x86_64 0.2.0 WARN
r-oldrel-windows-ix86+x86_64 0.2.0 8.00 420.00 428.00 OK
r-oldrel-osx-x86_64 0.2.0 WARN

Check Details

Version: 0.2.0
Check: package dependencies
Result: NOTE
    Package suggested but not available for checking: ‘clusterProfiler’
Flavor: r-release-osx-x86_64

Version: 0.2.0
Check: re-building of vignette outputs
Result: WARN
    Error in re-building vignettes:
     ...
     Vignettes contain introductory material; view with
     'browseVignettes()'. To cite Bioconductor, see
     'citation("Biobase")', and for packages 'citation("pkgname")'.
    
    Loading required package: IRanges
    Loading required package: S4Vectors
    
    Attaching package: 'S4Vectors'
    
    The following object is masked from 'package:base':
    
     expand.grid
    
    
    Attaching package: 'IRanges'
    
    The following object is masked from 'package:R.oo':
    
     trim
    
    
    Quitting from lines 32-41 (case_study.Rmd)
    Error: processing vignette 'case_study.Rmd' failed with diagnostics:
    there is no package called 'clusterProfiler'
    Execution halted
Flavor: r-release-osx-x86_64

Version: 0.2.0
Check: package dependencies
Result: NOTE
    Package suggested but not available for checking: ‘org.Hs.eg.db’
Flavor: r-oldrel-osx-x86_64

Version: 0.2.0
Check: re-building of vignette outputs
Result: WARN
    Error in re-building vignettes:
     ...
    
     Vignettes contain introductory material; view with
     'browseVignettes()'. To cite Bioconductor, see
     'citation("Biobase")', and for packages 'citation("pkgname")'.
    
    Loading required package: IRanges
    Loading required package: S4Vectors
    
    Attaching package: 'S4Vectors'
    
    The following object is masked from 'package:base':
    
     expand.grid
    
    
    Attaching package: 'IRanges'
    
    The following object is masked from 'package:R.oo':
    
     trim
    
    Quitting from lines 32-41 (case_study.Rmd)
    Error: processing vignette 'case_study.Rmd' failed with diagnostics:
    there is no package called 'org.Hs.eg.db'
    Execution halted
Flavor: r-oldrel-osx-x86_64