Last updated on 2018-09-26 01:46:19 CEST.
Flavor | Version | Tinstall | Tcheck | Ttotal | Status | Flags |
---|---|---|---|---|---|---|
r-devel-linux-x86_64-debian-clang | 1.1.3 | 1.16 | 26.65 | 27.81 | OK | |
r-devel-linux-x86_64-debian-gcc | 1.1.3 | 1.24 | 21.18 | 22.42 | OK | |
r-devel-linux-x86_64-fedora-clang | 1.1.3 | 34.25 | OK | |||
r-devel-linux-x86_64-fedora-gcc | 1.1.3 | 32.09 | OK | |||
r-devel-windows-ix86+x86_64 | 1.1.3 | 5.00 | 77.00 | 82.00 | OK | |
r-patched-linux-x86_64 | 1.1.3 | 1.56 | 24.37 | 25.93 | NOTE | |
r-patched-solaris-x86 | 1.1.3 | 49.50 | OK | |||
r-release-linux-x86_64 | 1.1.3 | 1.31 | 25.06 | 26.37 | NOTE | |
r-release-windows-ix86+x86_64 | 1.1.3 | 4.00 | 54.00 | 58.00 | OK | |
r-release-osx-x86_64 | 1.1.3 | OK | ||||
r-oldrel-windows-ix86+x86_64 | 1.1.3 | 3.00 | 57.00 | 60.00 | OK | |
r-oldrel-osx-x86_64 | 1.1.3 | OK |
Version: 1.1.3
Check: DESCRIPTION meta-information
Result: NOTE
Dependence on R version ‘3.3.1’ not with patchlevel 0
Flavors: r-patched-linux-x86_64, r-release-linux-x86_64