Last updated on 2018-09-26 01:46:19 CEST.
Flavor | Version | Tinstall | Tcheck | Ttotal | Status | Flags |
---|---|---|---|---|---|---|
r-devel-linux-x86_64-debian-clang | 1.8 | 9.38 | 77.27 | 86.65 | OK | |
r-devel-linux-x86_64-debian-gcc | 1.8 | 7.88 | 60.63 | 68.51 | OK | |
r-devel-linux-x86_64-fedora-clang | 1.8 | 101.61 | OK | |||
r-devel-linux-x86_64-fedora-gcc | 1.8 | 98.44 | OK | |||
r-devel-windows-ix86+x86_64 | 1.8 | 23.00 | 123.00 | 146.00 | OK | |
r-patched-linux-x86_64 | 1.8 | 9.79 | 71.20 | 80.99 | OK | |
r-patched-solaris-x86 | 1.8 | 128.00 | OK | |||
r-release-linux-x86_64 | 1.8 | 10.30 | 71.68 | 81.98 | OK | |
r-release-windows-ix86+x86_64 | 1.8 | 22.00 | 117.00 | 139.00 | OK | |
r-release-osx-x86_64 | 1.8 | OK | ||||
r-oldrel-windows-ix86+x86_64 | 1.8 | 8.00 | 116.00 | 124.00 | WARN | |
r-oldrel-osx-x86_64 | 1.8 | OK |
Version: 1.8
Check: whether package can be installed
Result: WARN
Found the following significant warnings:
Warning: S3 methods '[.fun_list', '[.grouped_df', 'all.equal.tbl_df', 'anti_join.data.frame', 'anti_join.tbl_df', 'arrange.data.frame', 'arrange.default', 'arrange.grouped_df', 'arrange.tbl_df', 'arrange_.data.frame', 'arrange_.tbl_df', 'as.data.frame.grouped_df', 'as.data.frame.rowwise_df', 'as.data.frame.tbl_cube', 'as.data.frame.tbl_df', 'as.table.tbl_cube', 'as.tbl.data.frame', 'as.tbl.tbl', 'as.tbl_cube.array', 'as.tbl_cube.data.frame', 'as.tbl_cube.matrix', 'as.tbl_cube.table', 'as_data_frame.grouped_df', 'as_data_frame.tbl_cube', 'auto_copy.tbl_cube', 'auto_copy.tbl_df', 'cbind.grouped_df', 'collapse.data.frame', 'collect.data.frame', 'common_by.NULL', 'common_by.character', 'common_by.default', 'common_by.list', 'compute.data.frame', 'copy_to.DBIConnection', 'copy_to.src_local', 'default_missing.data.frame', 'default_missing.default', 'dim.tbl_cube', 'distinct.data.frame', 'distinct.default', 'distinct.grouped_df', 'distinct.tbl_df', 'distinct_.data.frame', 'distinct_.grouped_df', 'dist [... truncated]
Flavor: r-oldrel-windows-ix86+x86_64