Last updated on 2018-09-26 01:46:20 CEST.
Flavor | Version | Tinstall | Tcheck | Ttotal | Status | Flags |
---|---|---|---|---|---|---|
r-devel-linux-x86_64-debian-clang | 3.4.1 | 16.18 | 184.39 | 200.57 | OK | |
r-devel-linux-x86_64-debian-gcc | 3.4.1 | 12.64 | 140.14 | 152.78 | OK | |
r-devel-linux-x86_64-fedora-clang | 3.4.1 | 239.83 | OK | |||
r-devel-linux-x86_64-fedora-gcc | 3.4.1 | 234.79 | OK | |||
r-devel-windows-ix86+x86_64 | 3.4.1 | 34.00 | 260.00 | 294.00 | OK | |
r-patched-linux-x86_64 | 3.4.1 | 13.92 | 177.29 | 191.21 | OK | |
r-patched-solaris-x86 | 3.4.1 | 297.80 | OK | |||
r-release-linux-x86_64 | 3.4.1 | 13.15 | 174.56 | 187.71 | OK | |
r-release-windows-ix86+x86_64 | 3.4.1 | 31.00 | 249.00 | 280.00 | OK | |
r-release-osx-x86_64 | 3.4.1 | OK | ||||
r-oldrel-windows-ix86+x86_64 | 3.4.1 | 7.00 | 251.00 | 258.00 | WARN | |
r-oldrel-osx-x86_64 | 3.4.1 | OK |
Version: 3.4.1
Check: whether package can be installed
Result: WARN
Found the following significant warnings:
Warning: S3 methods '[.fun_list', '[.grouped_df', 'all.equal.tbl_df', 'anti_join.data.frame', 'anti_join.tbl_df', 'arrange.data.frame', 'arrange.default', 'arrange.grouped_df', 'arrange.tbl_df', 'arrange_.data.frame', 'arrange_.tbl_df', 'as.data.frame.grouped_df', 'as.data.frame.rowwise_df', 'as.data.frame.tbl_cube', 'as.data.frame.tbl_df', 'as.table.tbl_cube', 'as.tbl.data.frame', 'as.tbl.tbl', 'as.tbl_cube.array', 'as.tbl_cube.data.frame', 'as.tbl_cube.matrix', 'as.tbl_cube.table', 'as_data_frame.grouped_df', 'as_data_frame.tbl_cube', 'auto_copy.tbl_cube', 'auto_copy.tbl_df', 'cbind.grouped_df', 'collapse.data.frame', 'collect.data.frame', 'common_by.NULL', 'common_by.character', 'common_by.default', 'common_by.list', 'compute.data.frame', 'copy_to.DBIConnection', 'copy_to.src_local', 'default_missing.data.frame', 'default_missing.default', 'dim.tbl_cube', 'distinct.data.frame', 'distinct.default', 'distinct.grouped_df', 'distinct.tbl_df', 'distinct_.data.frame', 'distinct_.grouped_df', 'dist [... truncated]
Flavor: r-oldrel-windows-ix86+x86_64