CRAN Package Check Results for Package cudaBayesregData

Last updated on 2018-09-26 01:46:21 CEST.

Flavor Version Tinstall Tcheck Ttotal Status Flags
r-devel-linux-x86_64-debian-clang 0.3-11 3.15 10.92 14.07 OK
r-devel-linux-x86_64-debian-gcc 0.3-11 1.98 9.01 10.99 OK
r-devel-linux-x86_64-fedora-clang 0.3-11 14.50 NOTE
r-devel-linux-x86_64-fedora-gcc 0.3-11 14.13 OK
r-devel-windows-ix86+x86_64 0.3-11 7.00 27.00 34.00 NOTE
r-patched-linux-x86_64 0.3-11 2.93 9.96 12.89 OK
r-patched-solaris-x86 0.3-11 23.80 NOTE
r-release-linux-x86_64 0.3-11 2.31 10.09 12.40 OK
r-release-windows-ix86+x86_64 0.3-11 6.00 20.00 26.00 NOTE
r-release-osx-x86_64 0.3-11 NOTE
r-oldrel-windows-ix86+x86_64 0.3-11 5.00 19.00 24.00 NOTE
r-oldrel-osx-x86_64 0.3-11 NOTE

Check Details

Version: 0.3-11
Check: installed package size
Result: NOTE
     installed size is 32.0Mb
     sub-directories of 1Mb or more:
     extdata 31.9Mb
Flavors: r-devel-linux-x86_64-fedora-clang, r-devel-windows-ix86+x86_64, r-patched-solaris-x86, r-release-windows-ix86+x86_64, r-release-osx-x86_64, r-oldrel-windows-ix86+x86_64, r-oldrel-osx-x86_64