Last updated on 2018-09-26 01:46:21 CEST.
Flavor | Version | Tinstall | Tcheck | Ttotal | Status | Flags |
---|---|---|---|---|---|---|
r-devel-linux-x86_64-debian-clang | 1.0.6 | 12.76 | 121.90 | 134.66 | OK | |
r-devel-linux-x86_64-debian-gcc | 1.0.6 | 12.73 | 97.94 | 110.67 | OK | |
r-devel-linux-x86_64-fedora-clang | 1.0.6 | 162.37 | NOTE | |||
r-devel-linux-x86_64-fedora-gcc | 1.0.6 | 158.39 | OK | |||
r-devel-windows-ix86+x86_64 | 1.0.6 | 24.00 | 178.00 | 202.00 | NOTE | |
r-patched-linux-x86_64 | 1.0.6 | 12.22 | 103.49 | 115.71 | OK | |
r-patched-solaris-x86 | 1.0.6 | 206.50 | NOTE | |||
r-release-linux-x86_64 | 1.0.6 | 12.06 | 104.98 | 117.04 | OK | |
r-release-windows-ix86+x86_64 | 1.0.6 | 32.00 | 155.00 | 187.00 | NOTE | |
r-release-osx-x86_64 | 1.0.6 | NOTE | ||||
r-oldrel-windows-ix86+x86_64 | 1.0.6 | 12.00 | 158.00 | 170.00 | NOTE | |
r-oldrel-osx-x86_64 | 1.0.6 | OK |
Version: 1.0.6
Check: installed package size
Result: NOTE
installed size is 5.4Mb
sub-directories of 1Mb or more:
data 4.1Mb
Flavors: r-devel-linux-x86_64-fedora-clang, r-devel-windows-ix86+x86_64, r-patched-solaris-x86, r-release-windows-ix86+x86_64, r-release-osx-x86_64
Version: 1.0.6
Check: package dependencies
Result: NOTE
Package suggested but not available for checking: 'doMC'
Flavors: r-devel-windows-ix86+x86_64, r-release-windows-ix86+x86_64, r-oldrel-windows-ix86+x86_64