Last updated on 2018-09-26 01:46:23 CEST.
Flavor | Version | Tinstall | Tcheck | Ttotal | Status | Flags |
---|---|---|---|---|---|---|
r-devel-linux-x86_64-debian-clang | 0.1.13-4 | 26.75 | 160.03 | 186.78 | OK | |
r-devel-linux-x86_64-debian-gcc | 0.1.13-4 | 19.87 | 125.49 | 145.36 | OK | |
r-devel-linux-x86_64-fedora-clang | 0.1.13-4 | 231.93 | NOTE | |||
r-devel-linux-x86_64-fedora-gcc | 0.1.13-4 | 219.98 | NOTE | |||
r-devel-windows-ix86+x86_64 | 0.1.13-4 | 93.00 | 303.00 | 396.00 | OK | |
r-patched-linux-x86_64 | 0.1.13-4 | 20.86 | 139.66 | 160.52 | OK | |
r-patched-solaris-x86 | 0.1.13-4 | 225.20 | WARN | |||
r-release-linux-x86_64 | 0.1.13-3 | 19.05 | 140.68 | 159.73 | OK | |
r-release-windows-ix86+x86_64 | 0.1.13-3 | 85.00 | 250.00 | 335.00 | OK | |
r-release-osx-x86_64 | 0.1.13-4 | NOTE | ||||
r-oldrel-windows-ix86+x86_64 | 0.1.13-4 | 54.00 | 187.00 | 241.00 | OK | |
r-oldrel-osx-x86_64 | 0.1.13-3 | NOTE |
Version: 0.1.13-4
Check: dependencies in R code
Result: NOTE
Namespace in Imports field not imported from: ‘Rdpack’
All declared Imports should be used.
Flavors: r-devel-linux-x86_64-fedora-clang, r-devel-linux-x86_64-fedora-gcc, r-patched-solaris-x86, r-release-osx-x86_64
Version: 0.1.13-4
Check: re-building of vignette outputs
Result: WARN
Error in re-building vignettes:
...
Warning in engine$weave(file, quiet = quiet, encoding = enc) :
Pandoc (>= 1.12.3) and/or pandoc-citeproc not available. Falling back to R Markdown v1.
cc -xc99 -I"/home/ripley/R/cc/include" -DNDEBUG -I/usr/local/include -I/usr/local/include -KPIC -O -xlibmieee -xlibmil -xtarget=native -nofstore -c LinearSDE.c -o LinearSDE.o
cc -xc99 -G -L/usr/local/lib -o LinearSDE.so LinearSDE.o -L/usr/local/lib -lgsl -lgslcblas -lm
Error in texi2dvi(file = file, pdf = TRUE, clean = clean, quiet = quiet, :
Running 'texi2dvi' on 'LinearDiscreteTimeModels.tex' failed.
Messages:
/usr/local/bin/texi2dvi: line 411: 24491 Killed "$@" 2>&5 1>&2
/usr/local/bin/texi2dvi: biber failed
Calls: buildVignettes -> texi2pdf -> texi2dvi
Execution halted
Flavor: r-patched-solaris-x86
Version: 0.1.13-4
Check: installed package size
Result: NOTE
installed size is 5.9Mb
sub-directories of 1Mb or more:
doc 1.4Mb
libs 2.8Mb
Flavor: r-release-osx-x86_64
Version: 0.1.13-3
Check: installed package size
Result: NOTE
installed size is 5.7Mb
sub-directories of 1Mb or more:
doc 1.4Mb
libs 2.8Mb
Flavor: r-oldrel-osx-x86_64
Version: 0.1.13-3
Check: dependencies in R code
Result: NOTE
Namespace in Imports field not imported from: ‘Rdpack’
All declared Imports should be used.
Flavor: r-oldrel-osx-x86_64