Last updated on 2018-09-26 01:46:23 CEST.
Flavor | Version | Tinstall | Tcheck | Ttotal | Status | Flags |
---|---|---|---|---|---|---|
r-devel-linux-x86_64-debian-clang | 0.1-6 | 1.01 | 18.15 | 19.16 | NOTE | |
r-devel-linux-x86_64-debian-gcc | 0.1-6 | 0.94 | 14.90 | 15.84 | NOTE | |
r-devel-linux-x86_64-fedora-clang | 0.1-6 | 22.89 | NOTE | |||
r-devel-linux-x86_64-fedora-gcc | 0.1-6 | 22.13 | NOTE | |||
r-devel-windows-ix86+x86_64 | 0.1-6 | 5.00 | 40.00 | 45.00 | NOTE | |
r-patched-linux-x86_64 | 0.1-6 | 1.04 | 16.57 | 17.61 | NOTE | |
r-patched-solaris-x86 | 0.1-6 | 32.10 | NOTE | |||
r-release-linux-x86_64 | 0.1-6 | 1.04 | 16.81 | 17.85 | NOTE | |
r-release-windows-ix86+x86_64 | 0.1-6 | 3.00 | 27.00 | 30.00 | NOTE | |
r-release-osx-x86_64 | 0.1-6 | NOTE | ||||
r-oldrel-windows-ix86+x86_64 | 0.1-6 | 2.00 | 26.00 | 28.00 | NOTE | |
r-oldrel-osx-x86_64 | 0.1-6 | NOTE |
Version: 0.1-6
Check: R code for possible problems
Result: NOTE
eb: no visible global function definition for ‘optimize’
ebalance: no visible global function definition for ‘var’
Undefined global functions or variables:
optimize var
Consider adding
importFrom("stats", "optimize", "var")
to your NAMESPACE file.
Flavors: r-devel-linux-x86_64-debian-clang, r-devel-linux-x86_64-debian-gcc, r-devel-linux-x86_64-fedora-clang, r-devel-linux-x86_64-fedora-gcc, r-devel-windows-ix86+x86_64, r-patched-linux-x86_64, r-patched-solaris-x86, r-release-linux-x86_64, r-release-windows-ix86+x86_64, r-release-osx-x86_64, r-oldrel-windows-ix86+x86_64, r-oldrel-osx-x86_64