Last updated on 2018-09-26 01:46:24 CEST.
Flavor | Version | Tinstall | Tcheck | Ttotal | Status | Flags |
---|---|---|---|---|---|---|
r-devel-linux-x86_64-debian-clang | 0.0.2 | 1.49 | 29.90 | 31.39 | OK | |
r-devel-linux-x86_64-debian-gcc | 0.0.2 | 1.21 | 23.69 | 24.90 | OK | |
r-devel-linux-x86_64-fedora-clang | 0.0.2 | 36.88 | OK | |||
r-devel-linux-x86_64-fedora-gcc | 0.0.2 | 34.16 | OK | |||
r-devel-windows-ix86+x86_64 | 0.0.2 | 4.00 | 51.00 | 55.00 | OK | |
r-patched-linux-x86_64 | 0.0.2 | 1.43 | 26.74 | 28.17 | NOTE | |
r-patched-solaris-x86 | 0.0.2 | 46.70 | OK | |||
r-release-linux-x86_64 | 0.0.2 | 1.36 | 27.15 | 28.51 | NOTE | |
r-release-windows-ix86+x86_64 | 0.0.2 | 3.00 | 52.00 | 55.00 | OK | |
r-release-osx-x86_64 | 0.0.2 | OK | ||||
r-oldrel-windows-ix86+x86_64 | 0.0.2 | 2.00 | 88.00 | 90.00 | OK | |
r-oldrel-osx-x86_64 | 0.0.2 | OK |
Version: 0.0.2
Check: DESCRIPTION meta-information
Result: NOTE
Dependence on R version ‘3.3.2’ not with patchlevel 0
Flavors: r-patched-linux-x86_64, r-release-linux-x86_64