CRAN Package Check Results for Package flippant

Last updated on 2018-09-26 01:46:25 CEST.

Flavor Version Tinstall Tcheck Ttotal Status Flags
r-devel-linux-x86_64-debian-clang 1.1.0 3.13 38.00 41.13 OK
r-devel-linux-x86_64-debian-gcc 1.1.0 2.66 30.48 33.14 OK
r-devel-linux-x86_64-fedora-clang 1.1.0 48.26 OK
r-devel-linux-x86_64-fedora-gcc 1.1.0 45.61 OK
r-devel-windows-ix86+x86_64 1.1.0 12.00 78.00 90.00 OK
r-patched-linux-x86_64 1.1.0 2.93 33.03 35.96 NOTE
r-patched-solaris-x86 1.1.0 63.80 NOTE
r-release-linux-x86_64 1.1.0 2.67 33.25 35.92 NOTE
r-release-windows-ix86+x86_64 1.1.0 9.00 74.00 83.00 OK
r-release-osx-x86_64 1.1.0 NOTE
r-oldrel-windows-ix86+x86_64 1.1.0 7.00 87.00 94.00 OK
r-oldrel-osx-x86_64 1.1.0 NOTE

Check Details

Version: 1.1.0
Check: DESCRIPTION meta-information
Result: NOTE
    Dependence on R version ‘3.3.2’ not with patchlevel 0
Flavors: r-patched-linux-x86_64, r-release-linux-x86_64

Version: 1.1.0
Check: package dependencies
Result: NOTE
    Package suggested but not available for checking: ‘multipanelfigure’
Flavors: r-patched-solaris-x86, r-release-osx-x86_64

Version: 1.1.0
Check: package dependencies
Result: NOTE
    Packages suggested but not available for checking:
     ‘devtools’ ‘multipanelfigure’
Flavor: r-oldrel-osx-x86_64