CRAN Package Check Results for Package gutenbergr

Last updated on 2018-09-26 01:46:27 CEST.

Flavor Version Tinstall Tcheck Ttotal Status Flags
r-devel-linux-x86_64-debian-clang 0.1.4 6.32 62.19 68.51 OK
r-devel-linux-x86_64-debian-gcc 0.1.4 6.00 49.37 55.37 OK
r-devel-linux-x86_64-fedora-clang 0.1.4 80.12 NOTE
r-devel-linux-x86_64-fedora-gcc 0.1.4 76.84 NOTE
r-devel-windows-ix86+x86_64 0.1.4 15.00 118.00 133.00 OK
r-patched-linux-x86_64 0.1.4 5.33 58.02 63.35 OK
r-patched-solaris-x86 0.1.4 110.60 NOTE
r-release-linux-x86_64 0.1.4 5.53 58.34 63.87 OK
r-release-windows-ix86+x86_64 0.1.4 15.00 101.00 116.00 OK
r-release-osx-x86_64 0.1.4 NOTE
r-oldrel-windows-ix86+x86_64 0.1.4 10.00 111.00 121.00 OK
r-oldrel-osx-x86_64 0.1.4 NOTE

Check Details

Version: 0.1.4
Check: data for non-ASCII characters
Result: NOTE
     Note: found 13617 marked UTF-8 strings
Flavors: r-devel-linux-x86_64-fedora-clang, r-devel-linux-x86_64-fedora-gcc, r-patched-solaris-x86, r-release-osx-x86_64, r-oldrel-osx-x86_64