Last updated on 2018-09-26 01:46:28 CEST.
Flavor | Version | Tinstall | Tcheck | Ttotal | Status | Flags |
---|---|---|---|---|---|---|
r-devel-linux-x86_64-debian-clang | 1.2-6 | 2.99 | 44.73 | 47.72 | NOTE | |
r-devel-linux-x86_64-debian-gcc | 1.2-6 | 2.43 | 37.15 | 39.58 | NOTE | |
r-devel-linux-x86_64-fedora-clang | 1.2-6 | 57.78 | NOTE | |||
r-devel-linux-x86_64-fedora-gcc | 1.2-6 | 56.01 | NOTE | |||
r-devel-windows-ix86+x86_64 | 1.2-6 | 8.00 | 74.00 | 82.00 | NOTE | |
r-patched-linux-x86_64 | 1.2-6 | 3.07 | 42.03 | 45.10 | NOTE | |
r-patched-solaris-x86 | 1.2-6 | 77.60 | NOTE | |||
r-release-linux-x86_64 | 1.2-6 | 2.75 | 42.58 | 45.33 | NOTE | |
r-release-windows-ix86+x86_64 | 1.2-6 | 6.00 | 76.00 | 82.00 | NOTE | |
r-release-osx-x86_64 | 1.2-6 | NOTE | ||||
r-oldrel-windows-ix86+x86_64 | 1.2-6 | 3.00 | 74.00 | 77.00 | OK | |
r-oldrel-osx-x86_64 | 1.2-6 | NOTE |
Version: 1.2-6
Check: package dependencies
Result: NOTE
Package suggested but not available for checking: ‘glmmADMB’
Flavors: r-devel-linux-x86_64-debian-clang, r-devel-linux-x86_64-debian-gcc, r-devel-linux-x86_64-fedora-clang, r-devel-linux-x86_64-fedora-gcc, r-devel-windows-ix86+x86_64, r-patched-linux-x86_64, r-patched-solaris-x86, r-release-linux-x86_64, r-release-windows-ix86+x86_64, r-release-osx-x86_64, r-oldrel-osx-x86_64