CRAN Package Check Results for Package hyper.fit

Last updated on 2018-09-26 01:46:28 CEST.

Flavor Version Tinstall Tcheck Ttotal Status Flags
r-devel-linux-x86_64-debian-clang 1.0.3 4.07 45.88 49.95 NOTE
r-devel-linux-x86_64-debian-gcc 1.0.3 3.54 36.49 40.03 NOTE
r-devel-linux-x86_64-fedora-clang 1.0.3 58.99 NOTE
r-devel-linux-x86_64-fedora-gcc 1.0.3 58.01 NOTE
r-devel-windows-ix86+x86_64 1.0.3 13.00 94.00 107.00 NOTE
r-patched-linux-x86_64 1.0.3 4.03 43.40 47.43 NOTE
r-patched-solaris-x86 1.0.3 94.90 NOTE
r-release-linux-x86_64 1.0.3 3.84 43.09 46.93 NOTE
r-release-windows-ix86+x86_64 1.0.3 14.00 118.00 132.00 NOTE
r-release-osx-x86_64 1.0.3 NOTE
r-oldrel-windows-ix86+x86_64 1.0.3 9.00 91.00 100.00 NOTE
r-oldrel-osx-x86_64 1.0.3 OK

Check Details

Version: 1.0.3
Check: R code for possible problems
Result: NOTE
    hyper.plot2d: warning in magmap(sigmas, lo = sigscale[1], hi =
     sigscale[2], flip = TRUE, type = "num"): partial argument match of
     ‘lo’ to ‘locut’
    hyper.plot2d: warning in magmap(sigmas, lo = sigscale[1], hi =
     sigscale[2], flip = TRUE, type = "num"): partial argument match of
     ‘hi’ to ‘hicut’
    hyper.plot2d: warning in magmap(seq(sigscale[1], sigscale[2], len =
     100), lo = sigscale[1], hi = sigscale[2], flip = TRUE, type = "num"):
     partial argument match of ‘lo’ to ‘locut’
    hyper.plot2d: warning in magmap(seq(sigscale[1], sigscale[2], len =
     100), lo = sigscale[1], hi = sigscale[2], flip = TRUE, type = "num"):
     partial argument match of ‘hi’ to ‘hicut’
    hyper.plot3d: warning in magmap(sigmas, lo = sigscale[1], hi =
     sigscale[2], flip = TRUE, type = "num"): partial argument match of
     ‘lo’ to ‘locut’
    hyper.plot3d: warning in magmap(sigmas, lo = sigscale[1], hi =
     sigscale[2], flip = TRUE, type = "num"): partial argument match of
     ‘hi’ to ‘hicut’
Flavors: r-devel-linux-x86_64-debian-clang, r-devel-linux-x86_64-debian-gcc, r-devel-linux-x86_64-fedora-clang, r-devel-linux-x86_64-fedora-gcc, r-devel-windows-ix86+x86_64, r-patched-linux-x86_64, r-patched-solaris-x86, r-release-linux-x86_64, r-release-windows-ix86+x86_64, r-release-osx-x86_64, r-oldrel-windows-ix86+x86_64