Last updated on 2018-09-26 01:46:29 CEST.
Flavor | Version | Tinstall | Tcheck | Ttotal | Status | Flags |
---|---|---|---|---|---|---|
r-devel-linux-x86_64-debian-clang | 1.2.0 | 4.57 | 18.13 | 22.70 | NOTE | |
r-devel-linux-x86_64-debian-gcc | 1.2.0 | 3.06 | 14.87 | 17.93 | NOTE | |
r-devel-linux-x86_64-fedora-clang | 1.2.0 | 28.19 | NOTE | |||
r-devel-linux-x86_64-fedora-gcc | 1.2.0 | 25.64 | NOTE | |||
r-devel-windows-ix86+x86_64 | 1.2.0 | 18.00 | 52.00 | 70.00 | NOTE | |
r-patched-linux-x86_64 | 1.2.0 | 3.70 | 16.70 | 20.40 | NOTE | |
r-patched-solaris-x86 | 1.2.0 | 38.50 | NOTE | |||
r-release-linux-x86_64 | 1.2.0 | 3.87 | 16.86 | 20.73 | NOTE | |
r-release-windows-ix86+x86_64 | 1.2.0 | 16.00 | 40.00 | 56.00 | NOTE | |
r-release-osx-x86_64 | 1.2.0 | NOTE | ||||
r-oldrel-windows-ix86+x86_64 | 1.2.0 | 11.00 | 33.00 | 44.00 | NOTE | |
r-oldrel-osx-x86_64 | 1.2.0 | NOTE |
Version: 1.2.0
Check: R code for possible problems
Result: NOTE
entropy: no visible global function definition for ‘na.omit’
interinformation: no visible global function definition for ‘na.omit’
multiinformation: no visible global function definition for ‘na.omit’
mutinformation: no visible global function definition for ‘na.omit’
Undefined global functions or variables:
na.omit
Consider adding
importFrom("stats", "na.omit")
to your NAMESPACE file.
Flavors: r-devel-linux-x86_64-debian-clang, r-devel-linux-x86_64-debian-gcc, r-devel-linux-x86_64-fedora-clang, r-devel-linux-x86_64-fedora-gcc, r-devel-windows-ix86+x86_64, r-patched-linux-x86_64, r-patched-solaris-x86, r-release-linux-x86_64, r-release-windows-ix86+x86_64, r-release-osx-x86_64, r-oldrel-windows-ix86+x86_64, r-oldrel-osx-x86_64
Version: 1.2.0
Check: compiled code
Result: NOTE
File ‘infotheo/libs/infotheo.so’:
Found no calls to: ‘R_registerRoutines’, ‘R_useDynamicSymbols’
It is good practice to register native routines and to disable symbol
search.
See ‘Writing portable packages’ in the ‘Writing R Extensions’ manual.
Flavors: r-devel-linux-x86_64-fedora-clang, r-devel-linux-x86_64-fedora-gcc