Last updated on 2018-09-26 01:46:29 CEST.
Flavor | Version | Tinstall | Tcheck | Ttotal | Status | Flags |
---|---|---|---|---|---|---|
r-devel-linux-x86_64-debian-clang | 0.15.1 | 8.30 | 45.77 | 54.07 | OK | |
r-devel-linux-x86_64-debian-gcc | 0.15.1 | 5.94 | 36.19 | 42.13 | OK | |
r-devel-linux-x86_64-fedora-clang | 0.15.1 | 66.55 | NOTE | |||
r-devel-linux-x86_64-fedora-gcc | 0.15.1 | 61.83 | NOTE | |||
r-devel-windows-ix86+x86_64 | 0.15.1 | 28.00 | 112.00 | 140.00 | OK | |
r-patched-linux-x86_64 | 0.15.1 | 7.37 | 38.78 | 46.15 | OK | |
r-patched-solaris-x86 | 0.15.1 | 75.70 | OK | |||
r-release-linux-x86_64 | 0.15.1 | 8.50 | 39.14 | 47.64 | OK | |
r-release-windows-ix86+x86_64 | 0.15.1 | 28.00 | 78.00 | 106.00 | OK | |
r-release-osx-x86_64 | 0.15.1 | OK | ||||
r-oldrel-windows-ix86+x86_64 | 0.15.1 | 17.00 | 69.00 | 86.00 | OK | |
r-oldrel-osx-x86_64 | 0.15.1 | OK |
Version: 0.15.1
Check: compiled code
Result: NOTE
File ‘intervals/libs/intervals.so’:
Found no calls to: ‘R_registerRoutines’, ‘R_useDynamicSymbols’
It is good practice to register native routines and to disable symbol
search.
See ‘Writing portable packages’ in the ‘Writing R Extensions’ manual.
Flavors: r-devel-linux-x86_64-fedora-clang, r-devel-linux-x86_64-fedora-gcc