Last updated on 2018-09-26 01:46:29 CEST.
Flavor | Version | Tinstall | Tcheck | Ttotal | Status | Flags |
---|---|---|---|---|---|---|
r-devel-linux-x86_64-debian-clang | 2.2 | 12.39 | 119.70 | 132.09 | OK | |
r-devel-linux-x86_64-debian-gcc | 2.2 | 10.38 | 93.79 | 104.17 | OK | |
r-devel-linux-x86_64-fedora-clang | 2.2 | 135.56 | OK | |||
r-devel-linux-x86_64-fedora-gcc | 2.2 | 148.75 | OK | |||
r-devel-windows-ix86+x86_64 | 2.2 | 28.00 | 172.00 | 200.00 | OK | |
r-patched-linux-x86_64 | 2.2 | 8.70 | 100.29 | 108.99 | OK | |
r-patched-solaris-x86 | 2.2 | 175.90 | OK | |||
r-release-linux-x86_64 | 2.2 | 9.66 | 99.28 | 108.94 | OK | |
r-release-windows-ix86+x86_64 | 2.2 | 25.00 | 138.00 | 163.00 | OK | |
r-release-osx-x86_64 | 2.2 | OK | ||||
r-oldrel-windows-ix86+x86_64 | 2.2 | 6.00 | 8.00 | 14.00 | ERROR | |
r-oldrel-osx-x86_64 | 2.2 | OK |
Version: 2.2
Check: whether package can be installed
Result: ERROR
Installation failed.
Flavor: r-oldrel-windows-ix86+x86_64