CRAN Package Check Results for Package ipfp

Last updated on 2018-09-26 01:46:29 CEST.

Flavor Version Tinstall Tcheck Ttotal Status Flags
r-devel-linux-x86_64-debian-clang 1.0.1 1.44 16.10 17.54 OK
r-devel-linux-x86_64-debian-gcc 1.0.1 1.02 13.06 14.08 OK
r-devel-linux-x86_64-fedora-clang 1.0.1 21.20 NOTE
r-devel-linux-x86_64-fedora-gcc 1.0.1 19.85 NOTE
r-devel-windows-ix86+x86_64 1.0.1 7.00 59.00 66.00 OK
r-patched-linux-x86_64 1.0.1 1.16 14.92 16.08 OK
r-patched-solaris-x86 1.0.1 29.60 OK
r-release-linux-x86_64 1.0.1 1.26 15.13 16.39 OK
r-release-windows-ix86+x86_64 1.0.1 8.00 31.00 39.00 OK
r-release-osx-x86_64 1.0.1 OK
r-oldrel-windows-ix86+x86_64 1.0.1 5.00 25.00 30.00 OK
r-oldrel-osx-x86_64 1.0.1 OK

Check Details

Version: 1.0.1
Check: compiled code
Result: NOTE
    File ‘ipfp/libs/ipfp.so’:
     Found no calls to: ‘R_registerRoutines’, ‘R_useDynamicSymbols’
    
    It is good practice to register native routines and to disable symbol
    search.
    
    See ‘Writing portable packages’ in the ‘Writing R Extensions’ manual.
Flavors: r-devel-linux-x86_64-fedora-clang, r-devel-linux-x86_64-fedora-gcc