CRAN Package Check Results for Package ivlewbel

Last updated on 2018-09-26 01:46:29 CEST.

Flavor Version Tinstall Tcheck Ttotal Status Flags
r-devel-linux-x86_64-debian-clang 1.1 1.99 28.27 30.26 NOTE
r-devel-linux-x86_64-debian-gcc 1.1 1.87 22.87 24.74 NOTE
r-devel-linux-x86_64-fedora-clang 1.1 35.68 NOTE
r-devel-linux-x86_64-fedora-gcc 1.1 33.87 NOTE
r-devel-windows-ix86+x86_64 1.1 5.00 73.00 78.00 NOTE
r-patched-linux-x86_64 1.1 1.78 25.41 27.19 NOTE
r-patched-solaris-x86 1.1 51.60 NOTE
r-release-linux-x86_64 1.1 1.96 25.62 27.58 NOTE
r-release-windows-ix86+x86_64 1.1 4.00 53.00 57.00 NOTE
r-release-osx-x86_64 1.1 NOTE
r-oldrel-windows-ix86+x86_64 1.1 4.00 58.00 62.00 NOTE
r-oldrel-osx-x86_64 1.1 NOTE

Check Details

Version: 1.1
Check: DESCRIPTION meta-information
Result: NOTE
    Malformed Description field: should contain one or more complete sentences.
Flavors: r-devel-linux-x86_64-debian-clang, r-devel-linux-x86_64-debian-gcc, r-devel-linux-x86_64-fedora-clang, r-devel-linux-x86_64-fedora-gcc, r-devel-windows-ix86+x86_64, r-patched-linux-x86_64, r-patched-solaris-x86, r-release-linux-x86_64, r-release-windows-ix86+x86_64, r-release-osx-x86_64, r-oldrel-windows-ix86+x86_64, r-oldrel-osx-x86_64

Version: 1.1
Check: S3 generic/method consistency
Result: NOTE
    Found the following apparent S3 methods exported but not registered:
     print.lewbel.model
    See section ‘Registering S3 methods’ in the ‘Writing R Extensions’
    manual.
Flavors: r-devel-linux-x86_64-debian-clang, r-devel-linux-x86_64-debian-gcc, r-devel-linux-x86_64-fedora-clang, r-devel-linux-x86_64-fedora-gcc, r-patched-linux-x86_64, r-patched-solaris-x86, r-release-linux-x86_64

Version: 1.1
Check: R code for possible problems
Result: NOTE
    clusterVCV: no visible global function definition for ‘estfun’
    covc: no visible global function definition for ‘sandwich’
    ftest: no visible global function definition for ‘vcovHC’
    Undefined global functions or variables:
     estfun sandwich vcovHC
Flavors: r-devel-linux-x86_64-debian-clang, r-devel-linux-x86_64-debian-gcc, r-devel-linux-x86_64-fedora-clang, r-devel-linux-x86_64-fedora-gcc, r-devel-windows-ix86+x86_64, r-patched-linux-x86_64, r-patched-solaris-x86, r-release-linux-x86_64, r-release-windows-ix86+x86_64, r-release-osx-x86_64, r-oldrel-windows-ix86+x86_64, r-oldrel-osx-x86_64