CRAN Package Check Results for Package mapfuser

Last updated on 2018-09-26 01:46:31 CEST.

Flavor Version Tinstall Tcheck Ttotal Status Flags
r-devel-linux-x86_64-debian-clang 0.1.2 8.51 109.03 117.54 OK
r-devel-linux-x86_64-debian-gcc 0.1.2 7.90 84.53 92.43 OK
r-devel-linux-x86_64-fedora-clang 0.1.2 133.94 OK
r-devel-linux-x86_64-fedora-gcc 0.1.2 131.61 OK
r-devel-windows-ix86+x86_64 0.1.2 25.00 181.00 206.00 OK
r-patched-linux-x86_64 0.1.2 7.05 89.40 96.45 OK
r-patched-solaris-x86 0.1.2 180.10 WARN
r-release-linux-x86_64 0.1.2 6.99 89.04 96.03 OK
r-release-windows-ix86+x86_64 0.1.2 24.00 167.00 191.00 OK
r-release-osx-x86_64 0.1.2 WARN
r-oldrel-windows-ix86+x86_64 0.1.2 17.00 188.00 205.00 OK
r-oldrel-osx-x86_64 0.1.2 WARN

Check Details

Version: 0.1.2
Check: re-building of vignette outputs
Result: WARN
    Error in re-building vignettes:
     ...
    Warning in engine$weave(file, quiet = quiet, encoding = enc) :
     Pandoc (>= 1.12.3) and/or pandoc-citeproc not available. Falling back to R Markdown v1.
    Loading required package: igraph
    
    Attaching package: 'igraph'
    
    The following objects are masked from 'package:stats':
    
     decompose, spectrum
    
    The following object is masked from 'package:base':
    
     union
    
    Quitting from lines 57-64 (mapfuser.Rmd)
    Error: processing vignette 'mapfuser.Rmd' failed with diagnostics:
    there is no package called 'webshot'
    Execution halted
Flavor: r-patched-solaris-x86

Version: 0.1.2
Check: re-building of vignette outputs
Result: WARN
    Error in re-building vignettes:
     ...
    Warning in engine$weave(file, quiet = quiet, encoding = enc) :
     Pandoc (>= 1.12.3) and/or pandoc-citeproc not available. Falling back to R Markdown v1.
    Loading required package: igraph
    
    Attaching package: 'igraph'
    
    The following objects are masked from 'package:stats':
    
     decompose, spectrum
    
    The following object is masked from 'package:base':
    
     union
    
    PhantomJS not found. You can install it with webshot::install_phantomjs(). If it is installed, please make sure the phantomjs executable can be found via the PATH variable.
    Quitting from lines 57-64 (mapfuser.Rmd)
    Error: processing vignette 'mapfuser.Rmd' failed with diagnostics:
    cannot open the connection
    Execution halted
Flavors: r-release-osx-x86_64, r-oldrel-osx-x86_64