Last updated on 2018-09-26 01:46:31 CEST.
Flavor | Version | Tinstall | Tcheck | Ttotal | Status | Flags |
---|---|---|---|---|---|---|
r-devel-linux-x86_64-debian-clang | 1.0.0 | 1.63 | 37.37 | 39.00 | OK | |
r-devel-linux-x86_64-debian-gcc | 1.0.0 | 1.31 | 30.32 | 31.63 | OK | |
r-devel-linux-x86_64-fedora-clang | 1.0.0 | 43.41 | OK | |||
r-devel-linux-x86_64-fedora-gcc | 1.0.0 | 41.75 | OK | |||
r-devel-windows-ix86+x86_64 | 1.0.0 | 6.00 | 58.00 | 64.00 | OK | |
r-patched-linux-x86_64 | 1.0.0 | 1.57 | 32.14 | 33.71 | OK | |
r-patched-solaris-x86 | 1.0.0 | 50.70 | OK | |||
r-release-linux-x86_64 | 1.0.0 | 1.30 | 32.04 | 33.34 | OK | |
r-release-windows-ix86+x86_64 | 1.0.0 | 5.00 | 50.00 | 55.00 | OK | |
r-release-osx-x86_64 | 1.0.0 | OK | ||||
r-oldrel-osx-x86_64 | 1.0.0 | ERROR |
Version: 1.0.0
Check: whether package can be installed
Result: ERROR
Installation failed.
Flavor: r-oldrel-osx-x86_64