CRAN Package Check Results for Package missForest

Last updated on 2018-09-26 01:46:32 CEST.

Flavor Version Tinstall Tcheck Ttotal Status Flags
r-devel-linux-x86_64-debian-clang 1.4 1.46 22.64 24.10 NOTE
r-devel-linux-x86_64-debian-gcc 1.4 1.18 18.74 19.92 NOTE
r-devel-linux-x86_64-fedora-clang 1.4 27.86 NOTE
r-devel-linux-x86_64-fedora-gcc 1.4 27.45 NOTE
r-devel-windows-ix86+x86_64 1.4 7.00 58.00 65.00 NOTE
r-patched-linux-x86_64 1.4 1.66 21.18 22.84 NOTE
r-patched-solaris-x86 1.4 41.30 NOTE
r-release-linux-x86_64 1.4 1.49 21.37 22.86 NOTE
r-release-windows-ix86+x86_64 1.4 3.00 73.00 76.00 NOTE
r-release-osx-x86_64 1.4 NOTE
r-oldrel-windows-ix86+x86_64 1.4 2.00 48.00 50.00 NOTE
r-oldrel-osx-x86_64 1.4 NOTE

Check Details

Version: 1.4
Check: R code for possible problems
Result: NOTE
    missForest: no visible global function definition for ‘predict’
    missForest: no visible global function definition for ‘idiv’
    missForest: no visible global function definition for ‘var’
    nrmse: no visible global function definition for ‘var’
    Undefined global functions or variables:
     idiv predict var
    Consider adding
     importFrom("stats", "predict", "var")
    to your NAMESPACE file.
Flavors: r-devel-linux-x86_64-debian-clang, r-devel-linux-x86_64-debian-gcc, r-devel-linux-x86_64-fedora-clang, r-devel-linux-x86_64-fedora-gcc, r-devel-windows-ix86+x86_64, r-patched-linux-x86_64, r-patched-solaris-x86, r-release-linux-x86_64, r-release-windows-ix86+x86_64, r-release-osx-x86_64, r-oldrel-windows-ix86+x86_64, r-oldrel-osx-x86_64