Last updated on 2018-09-26 01:46:32 CEST.
Flavor | Version | Tinstall | Tcheck | Ttotal | Status | Flags |
---|---|---|---|---|---|---|
r-devel-linux-x86_64-debian-clang | 0.3.4 | 22.54 | 356.39 | 378.93 | OK | |
r-devel-linux-x86_64-debian-gcc | 0.3.4 | 18.71 | 274.58 | 293.29 | OK | |
r-devel-linux-x86_64-fedora-clang | 0.3.4 | 446.76 | OK | |||
r-devel-linux-x86_64-fedora-gcc | 0.3.4 | 443.81 | OK | |||
r-devel-windows-ix86+x86_64 | 0.3.4 | 45.00 | 472.00 | 517.00 | OK | |
r-patched-linux-x86_64 | 0.3.4 | 19.52 | 333.89 | 353.41 | OK | |
r-patched-solaris-x86 | 0.3.4 | 469.40 | NOTE | |||
r-release-linux-x86_64 | 0.3.4 | 17.34 | 336.63 | 353.97 | OK | |
r-release-windows-ix86+x86_64 | 0.3.4 | 43.00 | 453.00 | 496.00 | OK | |
r-release-osx-x86_64 | 0.3.4 | OK | ||||
r-oldrel-windows-ix86+x86_64 | 0.3.4 | 28.00 | 455.00 | 483.00 | OK | |
r-oldrel-osx-x86_64 | 0.3.4 | OK |
Version: 0.3.4
Check: package dependencies
Result: NOTE
Package suggested but not available for checking: ‘FSelector’
Flavor: r-patched-solaris-x86