Last updated on 2018-09-26 01:46:33 CEST.
Flavor | Version | Tinstall | Tcheck | Ttotal | Status | Flags |
---|---|---|---|---|---|---|
r-devel-linux-x86_64-debian-clang | 0.2 | 11.19 | 37.80 | 48.99 | OK | |
r-devel-linux-x86_64-debian-gcc | 0.2 | 8.29 | 30.45 | 38.74 | OK | |
r-devel-linux-x86_64-fedora-clang | 0.2 | 58.80 | NOTE | |||
r-devel-linux-x86_64-fedora-gcc | 0.2 | 55.27 | NOTE | |||
r-devel-windows-ix86+x86_64 | 0.2 | 38.00 | 100.00 | 138.00 | OK | |
r-patched-linux-x86_64 | 0.2 | 10.14 | 33.71 | 43.85 | OK | |
r-patched-solaris-x86 | 0.2 | 90.90 | OK | |||
r-release-linux-x86_64 | 0.2 | 11.25 | 33.89 | 45.14 | OK | |
r-release-windows-ix86+x86_64 | 0.2 | 31.00 | 105.00 | 136.00 | OK | |
r-release-osx-x86_64 | 0.2 | OK | ||||
r-oldrel-windows-ix86+x86_64 | 0.2 | 22.00 | 94.00 | 116.00 | OK | |
r-oldrel-osx-x86_64 | 0.2 | OK |
Version: 0.2
Check: compiled code
Result: NOTE
File ‘mpbart/libs/mpbart.so’:
Found no calls to: ‘R_registerRoutines’, ‘R_useDynamicSymbols’
It is good practice to register native routines and to disable symbol
search.
See ‘Writing portable packages’ in the ‘Writing R Extensions’ manual.
Flavors: r-devel-linux-x86_64-fedora-clang, r-devel-linux-x86_64-fedora-gcc