Last updated on 2018-09-26 01:46:33 CEST.
Flavor | Version | Tinstall | Tcheck | Ttotal | Status | Flags |
---|---|---|---|---|---|---|
r-devel-linux-x86_64-debian-clang | 0.2.1 | 111.86 | 73.44 | 185.30 | OK | |
r-devel-linux-x86_64-debian-gcc | 0.2.1 | 81.62 | 60.16 | 141.78 | OK | |
r-devel-linux-x86_64-fedora-clang | 0.2.1 | 239.65 | NOTE | |||
r-devel-linux-x86_64-fedora-gcc | 0.2.1 | 203.49 | OK | |||
r-devel-windows-ix86+x86_64 | 0.2.1 | 187.00 | 156.00 | 343.00 | NOTE | |
r-patched-linux-x86_64 | 0.2.1 | 90.25 | 59.40 | 149.65 | OK | |
r-patched-solaris-x86 | 0.2.1 | 200.00 | OK | |||
r-release-linux-x86_64 | 0.2.1 | 90.43 | 59.17 | 149.60 | OK | |
r-release-windows-ix86+x86_64 | 0.2.1 | 183.00 | 136.00 | 319.00 | NOTE | |
r-release-osx-x86_64 | 0.2.1 | NOTE | ||||
r-oldrel-windows-ix86+x86_64 | 0.2.1 | 142.00 | 137.00 | 279.00 | NOTE | |
r-oldrel-osx-x86_64 | 0.2.1 | NOTE |
Version: 0.2.1
Check: installed package size
Result: NOTE
installed size is 29.9Mb
sub-directories of 1Mb or more:
libs 29.8Mb
Flavors: r-devel-linux-x86_64-fedora-clang, r-devel-windows-ix86+x86_64, r-release-windows-ix86+x86_64, r-release-osx-x86_64, r-oldrel-windows-ix86+x86_64, r-oldrel-osx-x86_64