Last updated on 2018-09-26 01:46:33 CEST.
Flavor | Version | Tinstall | Tcheck | Ttotal | Status | Flags |
---|---|---|---|---|---|---|
r-devel-linux-x86_64-debian-clang | 0.5.0 | 54.41 | 31.43 | 85.84 | OK | |
r-devel-linux-x86_64-debian-gcc | 0.5.0 | 45.91 | 26.09 | 72.00 | OK | |
r-devel-linux-x86_64-fedora-clang | 0.5.0 | 121.36 | NOTE | |||
r-devel-linux-x86_64-fedora-gcc | 0.5.0 | 107.19 | OK | |||
r-devel-windows-ix86+x86_64 | 0.5.0 | 140.00 | 87.00 | 227.00 | OK | |
r-patched-linux-x86_64 | 0.5.0 | 58.07 | 28.40 | 86.47 | OK | |
r-patched-solaris-x86 | 0.5.0 | 107.20 | OK | |||
r-release-linux-x86_64 | 0.5.0 | 54.92 | 28.40 | 83.32 | OK | |
r-release-windows-ix86+x86_64 | 0.5.0 | 105.00 | 78.00 | 183.00 | OK | |
r-release-osx-x86_64 | 0.5.0 | NOTE | ||||
r-oldrel-windows-ix86+x86_64 | 0.5.0 | 92.00 | 86.00 | 178.00 | OK | |
r-oldrel-osx-x86_64 | 0.5.0 | NOTE |
Version: 0.5.0
Check: installed package size
Result: NOTE
installed size is 9.0Mb
sub-directories of 1Mb or more:
libs 8.9Mb
Flavors: r-devel-linux-x86_64-fedora-clang, r-release-osx-x86_64, r-oldrel-osx-x86_64