Last updated on 2018-09-26 01:46:34 CEST.
Flavor | Version | Tinstall | Tcheck | Ttotal | Status | Flags |
---|---|---|---|---|---|---|
r-devel-linux-x86_64-debian-clang | 2.0.8 | 315.62 | 204.45 | 520.07 | OK | |
r-devel-linux-x86_64-debian-gcc | 2.0.8 | 295.95 | 174.65 | 470.60 | OK | |
r-devel-linux-x86_64-fedora-clang | 2.0.8 | 724.07 | NOTE | |||
r-devel-linux-x86_64-fedora-gcc | 2.0.8 | 714.45 | OK | |||
r-devel-windows-ix86+x86_64 | 2.0.8 | 547.00 | 358.00 | 905.00 | OK | |
r-patched-linux-x86_64 | 2.0.8 | 339.99 | 205.99 | 545.98 | OK | |
r-patched-solaris-x86 | 2.0.8 | 912.80 | OK | |||
r-release-linux-x86_64 | 2.0.8 | 354.13 | 223.76 | 577.89 | OK | |
r-release-windows-ix86+x86_64 | 2.0.8 | 676.00 | 331.00 | 1007.00 | OK | |
r-release-osx-x86_64 | 2.0.8 | NOTE | ||||
r-oldrel-windows-ix86+x86_64 | 2.0.8 | 477.00 | 314.00 | 791.00 | OK | |
r-oldrel-osx-x86_64 | 2.0.8 | NOTE |
Version: 2.0.8
Check: installed package size
Result: NOTE
installed size is 100.0Mb
sub-directories of 1Mb or more:
libs 99.5Mb
Flavors: r-devel-linux-x86_64-fedora-clang, r-release-osx-x86_64, r-oldrel-osx-x86_64