Last updated on 2018-09-26 01:46:35 CEST.
Flavor | Version | Tinstall | Tcheck | Ttotal | Status | Flags |
---|---|---|---|---|---|---|
r-devel-linux-x86_64-debian-clang | 1.2.1 | 9.69 | 107.69 | 117.38 | OK | |
r-devel-linux-x86_64-debian-gcc | 1.2.1 | 9.45 | 89.14 | 98.59 | OK | |
r-devel-linux-x86_64-fedora-clang | 1.2.1 | 145.93 | NOTE | |||
r-devel-linux-x86_64-fedora-gcc | 1.2.1 | 140.92 | OK | |||
r-devel-windows-ix86+x86_64 | 1.2.1 | 26.00 | 145.00 | 171.00 | NOTE | |
r-patched-linux-x86_64 | 1.2.1 | 5.99 | 90.37 | 96.36 | OK | |
r-patched-solaris-x86 | 1.2.1 | 187.20 | NOTE | |||
r-release-linux-x86_64 | 1.2.1 | 6.28 | 89.45 | 95.73 | OK | |
r-release-windows-ix86+x86_64 | 1.2.1 | 29.00 | 174.00 | 203.00 | NOTE | |
r-release-osx-x86_64 | 1.2.1 | ERROR | ||||
r-oldrel-windows-ix86+x86_64 | 1.2.1 | 20.00 | 201.00 | 221.00 | NOTE | |
r-oldrel-osx-x86_64 | 1.2.1 | ERROR |
Version: 1.2.1
Check: installed package size
Result: NOTE
installed size is 12.3Mb
sub-directories of 1Mb or more:
data 1.5Mb
extdata 9.5Mb
Flavors: r-devel-linux-x86_64-fedora-clang, r-devel-windows-ix86+x86_64, r-patched-solaris-x86, r-release-windows-ix86+x86_64, r-oldrel-windows-ix86+x86_64
Version: 1.2.1
Check: package dependencies
Result: ERROR
Package required but not available: ‘pathview’
See section ‘The DESCRIPTION file’ in the ‘Writing R Extensions’
manual.
Flavor: r-release-osx-x86_64
Version: 1.2.1
Check: package dependencies
Result: ERROR
Package required but not available: ‘org.Hs.eg.db’
See section ‘The DESCRIPTION file’ in the ‘Writing R Extensions’
manual.
Flavor: r-oldrel-osx-x86_64