Last updated on 2018-09-26 01:46:35 CEST.
Flavor | Version | Tinstall | Tcheck | Ttotal | Status | Flags |
---|---|---|---|---|---|---|
r-devel-linux-x86_64-debian-clang | 2.6-0 | 94.49 | 331.23 | 425.72 | NOTE | |
r-devel-linux-x86_64-debian-gcc | 2.6-0 | 74.02 | 263.54 | 337.56 | NOTE | |
r-devel-linux-x86_64-fedora-clang | 2.6-0 | 533.67 | NOTE | |||
r-devel-linux-x86_64-fedora-gcc | 2.6-0 | 513.36 | NOTE | |||
r-devel-windows-ix86+x86_64 | 2.6-0 | 230.00 | 604.00 | 834.00 | NOTE | |
r-patched-linux-x86_64 | 2.6-0 | 96.75 | 297.88 | 394.63 | OK | |
r-patched-solaris-x86 | 2.6-0 | 609.90 | NOTE | |||
r-release-linux-x86_64 | 2.6-0 | 103.31 | 257.73 | 361.04 | OK | |
r-release-windows-ix86+x86_64 | 2.6-0 | 243.00 | 697.00 | 940.00 | NOTE | |
r-release-osx-x86_64 | 2.6-0 | NOTE | ||||
r-oldrel-windows-ix86+x86_64 | 2.6-0 | 171.00 | 695.00 | 866.00 | NOTE | |
r-oldrel-osx-x86_64 | 2.6-0 | NOTE |
Version: 2.6-0
Check: use of SHLIB_OPENMP_*FLAGS in Makefiles
Result: NOTE
src/Makevars.win: incorrect macro SHLIB_OPENMP_CFLAGS included in PKG_CXXFLAGS
src/Makevars.win: SHLIB_OPENMP_CFLAGS is included in PKG_LIBS but not in PKG_CFLAGS
Use of these macros is discussed in sect 1.2.1.1 of ‘Writing R
Extensions’. The macros for different languages may differ so the
matching macro must be used in PKG_CXXFLAGS (etc) and match that used
in PKG_LIBS (except for F77: see the manual).
Flavors: r-devel-linux-x86_64-debian-clang, r-devel-linux-x86_64-debian-gcc, r-devel-linux-x86_64-fedora-clang, r-devel-linux-x86_64-fedora-gcc
Version: 2.6-0
Check: installed package size
Result: NOTE
installed size is 12.3Mb
sub-directories of 1Mb or more:
data 2.1Mb
doc 1.1Mb
libs 7.1Mb
Flavors: r-devel-linux-x86_64-fedora-clang, r-devel-windows-ix86+x86_64, r-patched-solaris-x86, r-release-windows-ix86+x86_64, r-release-osx-x86_64, r-oldrel-windows-ix86+x86_64, r-oldrel-osx-x86_64