Last updated on 2018-09-26 01:46:37 CEST.
Flavor | Version | Tinstall | Tcheck | Ttotal | Status | Flags |
---|---|---|---|---|---|---|
r-devel-linux-x86_64-debian-clang | 0.1.1 | 6.33 | 340.56 | 346.89 | OK | |
r-devel-linux-x86_64-debian-gcc | 0.1.1 | 4.66 | 274.76 | 279.42 | OK | |
r-devel-linux-x86_64-fedora-clang | 0.1.1 | 401.74 | NOTE | |||
r-devel-linux-x86_64-fedora-gcc | 0.1.1 | 407.12 | OK | |||
r-devel-windows-ix86+x86_64 | 0.1.1 | 17.00 | 339.00 | 356.00 | NOTE | |
r-patched-linux-x86_64 | 0.1.1 | 6.42 | 320.56 | 326.98 | OK | |
r-patched-solaris-x86 | 0.1.1 | 460.40 | NOTE | |||
r-release-linux-x86_64 | 0.1.1 | 6.69 | 325.22 | 331.91 | OK | |
r-release-windows-ix86+x86_64 | 0.1.1 | 12.00 | 450.00 | 462.00 | NOTE | |
r-release-osx-x86_64 | 0.1.1 | NOTE | ||||
r-oldrel-windows-ix86+x86_64 | 0.1.1 | 5.00 | 470.00 | 475.00 | NOTE | |
r-oldrel-osx-x86_64 | 0.1.1 | NOTE |
Version: 0.1.1
Check: installed package size
Result: NOTE
installed size is 5.4Mb
sub-directories of 1Mb or more:
doc 4.9Mb
Flavors: r-devel-linux-x86_64-fedora-clang, r-devel-windows-ix86+x86_64, r-patched-solaris-x86, r-release-windows-ix86+x86_64, r-release-osx-x86_64, r-oldrel-windows-ix86+x86_64, r-oldrel-osx-x86_64