Last updated on 2018-09-26 01:46:37 CEST.
Flavor | Version | Tinstall | Tcheck | Ttotal | Status | Flags |
---|---|---|---|---|---|---|
r-devel-linux-x86_64-debian-clang | 7.1-1 | 6.89 | 21.94 | 28.83 | OK | |
r-devel-linux-x86_64-debian-gcc | 7.1-1 | 6.90 | 17.99 | 24.89 | OK | |
r-devel-linux-x86_64-fedora-clang | 7.1-1 | 36.26 | NOTE | |||
r-devel-linux-x86_64-fedora-gcc | 7.1-1 | 35.05 | OK | |||
r-devel-windows-ix86+x86_64 | 7.1-1 | 13.00 | 33.00 | 46.00 | NOTE | |
r-patched-linux-x86_64 | 7.1-1 | 8.43 | 20.40 | 28.83 | OK | |
r-patched-solaris-x86 | 7.1-1 | 55.60 | NOTE | |||
r-release-linux-x86_64 | 7.1-1 | 7.64 | 20.43 | 28.07 | OK | |
r-release-windows-ix86+x86_64 | 7.1-1 | 13.00 | 31.00 | 44.00 | NOTE | |
r-release-osx-x86_64 | 7.1-1 | NOTE | ||||
r-oldrel-windows-ix86+x86_64 | 7.1-1 | 11.00 | 32.00 | 43.00 | NOTE | |
r-oldrel-osx-x86_64 | 7.1-1 | NOTE |
Version: 7.1-1
Check: installed package size
Result: NOTE
installed size is 7.3Mb
sub-directories of 1Mb or more:
data 7.2Mb
Flavors: r-devel-linux-x86_64-fedora-clang, r-devel-windows-ix86+x86_64, r-patched-solaris-x86, r-release-windows-ix86+x86_64, r-release-osx-x86_64, r-oldrel-windows-ix86+x86_64, r-oldrel-osx-x86_64